{"id":7110,"date":"2025-12-15T13:21:59","date_gmt":"2025-12-15T13:21:59","guid":{"rendered":"https:\/\/agenciausphot.com\/uze\/produto\/anel-solitario-cravejado-quadrado-classiso\/"},"modified":"2026-01-12T15:15:11","modified_gmt":"2026-01-12T15:15:11","slug":"anel-solitario-cravejado-quadrado-classiso","status":"publish","type":"product","link":"https:\/\/agenciausphot.com\/uze\/produto\/anel-solitario-cravejado-quadrado-classiso\/","title":{"rendered":"ANEL SOLITARIO CRAVEJADO QUADRADO CLASSISO"},"content":{"rendered":"<h2 data-start=\"104\" data-end=\"154\">\ud83d\udc8d ANEL SOLIT\u00c1RIO CRAVEJADO QUADRADO CL\u00c1SSICO<\/h2>\n<p data-start=\"156\" data-end=\"445\">Eleg\u00e2ncia em cada detalhe. O <strong data-start=\"185\" data-end=\"226\">Solit\u00e1rio Cravejado Quadrado Cl\u00e1ssico<\/strong> traz o brilho do design tradicional com um toque moderno: aro fininho, crava\u00e7\u00e3o delicada e pedra central quadrada que ilumina o olhar com sofistica\u00e7\u00e3o. Perfeito para quem ama joias minimalistas, rom\u00e2nticas e eternas.<\/p>\n<p data-start=\"447\" data-end=\"540\">\u2728 Prata 925<br data-start=\"458\" data-end=\"461\"><br \/>\n\u2728 Crava\u00e7\u00e3o frontal<br data-start=\"479\" data-end=\"482\"><br \/>\n\u2728 Pedra quadrada estilo princesa<br data-start=\"514\" data-end=\"517\"><br \/>\n\u2728 Acabamento cl\u00e1ssico<\/p>\n<p data-start=\"542\" data-end=\"589\">Um brilho que combina com todos os momentos \u2728<\/p>\n","protected":false},"excerpt":{"rendered":"<p>\ud83d\udc8d ANEL SOLIT\u00c1RIO CRAVEJADO QUADRADO CL\u00c1SSICO Eleg\u00e2ncia em cada detalhe. O Solit\u00e1rio Cravejado Quadrado Cl\u00e1ssico traz o brilho do design tradicional com um toque moderno:&#8230;<\/p>\n","protected":false},"featured_media":7109,"comment_status":"open","ping_status":"closed","template":"","meta":[],"etheme_brands":[],"product_brand":[],"product_cat":[103,92],"product_tag":[133],"class_list":{"0":"post-7110","1":"product","2":"type-product","3":"status-publish","4":"has-post-thumbnail","6":"product_cat-categoriaanisanel-feminino","7":"product_cat-categoriaanis","8":"product_tag-uze-pratas","10":"first","11":"instock","12":"shipping-taxable","13":"purchasable","14":"product-type-variable"},"_links":{"self":[{"href":"https:\/\/agenciausphot.com\/uze\/wp-json\/wp\/v2\/product\/7110","targetHints":{"allow":["GET"]}}],"collection":[{"href":"https:\/\/agenciausphot.com\/uze\/wp-json\/wp\/v2\/product"}],"about":[{"href":"https:\/\/agenciausphot.com\/uze\/wp-json\/wp\/v2\/types\/product"}],"replies":[{"embeddable":true,"href":"https:\/\/agenciausphot.com\/uze\/wp-json\/wp\/v2\/comments?post=7110"}],"version-history":[{"count":1,"href":"https:\/\/agenciausphot.com\/uze\/wp-json\/wp\/v2\/product\/7110\/revisions"}],"predecessor-version":[{"id":7170,"href":"https:\/\/agenciausphot.com\/uze\/wp-json\/wp\/v2\/product\/7110\/revisions\/7170"}],"wp:featuredmedia":[{"embeddable":true,"href":"https:\/\/agenciausphot.com\/uze\/wp-json\/wp\/v2\/media\/7109"}],"wp:attachment":[{"href":"https:\/\/agenciausphot.com\/uze\/wp-json\/wp\/v2\/media?parent=7110"}],"wp:term":[{"taxonomy":"brand","embeddable":true,"href":"https:\/\/agenciausphot.com\/uze\/wp-json\/wp\/v2\/etheme_brands?post=7110"},{"taxonomy":"product_brand","embeddable":true,"href":"https:\/\/agenciausphot.com\/uze\/wp-json\/wp\/v2\/product_brand?post=7110"},{"taxonomy":"product_cat","embeddable":true,"href":"https:\/\/agenciausphot.com\/uze\/wp-json\/wp\/v2\/product_cat?post=7110"},{"taxonomy":"product_tag","embeddable":true,"href":"https:\/\/agenciausphot.com\/uze\/wp-json\/wp\/v2\/product_tag?post=7110"}],"curies":[{"name":"wp","href":"https:\/\/api.w.org\/{rel}","templated":true}]}}