{"id":6977,"date":"2025-12-04T16:58:24","date_gmt":"2025-12-04T16:58:24","guid":{"rendered":"https:\/\/agenciausphot.com\/uze\/produto\/brinco-perola-cravejado\/"},"modified":"2025-12-22T16:26:38","modified_gmt":"2025-12-22T16:26:38","slug":"brinco-perola-cravejado","status":"publish","type":"product","link":"https:\/\/agenciausphot.com\/uze\/produto\/brinco-perola-cravejado\/","title":{"rendered":"Brinco perola cravejado"},"content":{"rendered":"<h2 data-start=\"109\" data-end=\"187\"><strong data-start=\"112\" data-end=\"187\">Brinco P\u00e9rola Cravejado em Prata 925 \u2013 Cl\u00e1ssico, Feminino e Sofisticado<\/strong><\/h2>\n<p data-start=\"189\" data-end=\"454\">O Brinco P\u00e9rola Cravejado da UZE Pratas \u00e9 a joia ideal para quem ama eleg\u00e2ncia atemporal. Produzido em <strong data-start=\"292\" data-end=\"314\">Prata 925 leg\u00edtima<\/strong>, ele combina a delicadeza da p\u00e9rola com o brilho sutil das <strong data-start=\"374\" data-end=\"407\">zirc\u00f4nias cravejadas ao redor<\/strong>, criando um visual refinado e cheio de charme.<\/p>\n<p data-start=\"456\" data-end=\"723\">A p\u00e9rola simboliza pureza, delicadeza e feminilidade, enquanto o contorno cravejado traz um toque moderno e luminoso. Leve, vers\u00e1til e sofisticado, este brinco \u00e9 perfeito para compor looks cl\u00e1ssicos, para ocasi\u00f5es especiais ou at\u00e9 para elevar a produ\u00e7\u00e3o do dia a dia.<\/p>\n<hr data-start=\"725\" data-end=\"728\">\n<h3 data-start=\"730\" data-end=\"763\"><strong data-start=\"734\" data-end=\"763\">Especifica\u00e7\u00f5es do Produto<\/strong><\/h3>\n<ul data-start=\"764\" data-end=\"969\">\n<li data-start=\"764\" data-end=\"800\">\n<p data-start=\"766\" data-end=\"800\"><strong data-start=\"766\" data-end=\"779\">Material:<\/strong> Prata 925 leg\u00edtima<\/p>\n<\/li>\n<li data-start=\"801\" data-end=\"842\">\n<p data-start=\"803\" data-end=\"842\"><strong data-start=\"803\" data-end=\"823\">Detalhe central:<\/strong> P\u00e9rola sint\u00e9tica<\/p>\n<\/li>\n<li data-start=\"843\" data-end=\"881\">\n<p data-start=\"845\" data-end=\"881\"><strong data-start=\"845\" data-end=\"858\">Contorno:<\/strong> Zirc\u00f4nias cravejadas<\/p>\n<\/li>\n<li data-start=\"882\" data-end=\"920\">\n<p data-start=\"884\" data-end=\"920\"><strong data-start=\"884\" data-end=\"899\">Acabamento:<\/strong> Polido e brilhante<\/p>\n<\/li>\n<li data-start=\"921\" data-end=\"969\">\n<p data-start=\"923\" data-end=\"969\"><strong data-start=\"923\" data-end=\"934\">Estilo:<\/strong> Cl\u00e1ssico, feminino e sofisticado<\/p>\n<\/li>\n<\/ul>\n<hr data-start=\"971\" data-end=\"974\">\n<h3 data-start=\"976\" data-end=\"1003\"><strong data-start=\"980\" data-end=\"1003\">Garantia UZE Pratas<\/strong><\/h3>\n<p data-start=\"1004\" data-end=\"1131\">Todas as joias em Prata 925 acompanham <strong data-start=\"1043\" data-end=\"1070\">Certificado de Garantia<\/strong>, garantindo autenticidade, durabilidade e brilho permanente.<\/p>\n","protected":false},"excerpt":{"rendered":"<p>Brinco P\u00e9rola Cravejado em Prata 925 \u2013 Cl\u00e1ssico, Feminino e Sofisticado O Brinco P\u00e9rola Cravejado da UZE Pratas \u00e9 a joia ideal para quem ama&#8230;<\/p>\n","protected":false},"featured_media":7035,"comment_status":"open","ping_status":"closed","template":"","meta":[],"etheme_brands":[],"product_brand":[],"product_cat":[117,97],"product_tag":[133],"class_list":{"0":"post-6977","1":"product","2":"type-product","3":"status-publish","4":"has-post-thumbnail","6":"product_cat-categoriabrincosbrinco-feminino","7":"product_cat-categoriabrincos","8":"product_tag-uze-pratas","10":"first","11":"instock","12":"shipping-taxable","13":"purchasable","14":"product-type-simple"},"_links":{"self":[{"href":"https:\/\/agenciausphot.com\/uze\/wp-json\/wp\/v2\/product\/6977","targetHints":{"allow":["GET"]}}],"collection":[{"href":"https:\/\/agenciausphot.com\/uze\/wp-json\/wp\/v2\/product"}],"about":[{"href":"https:\/\/agenciausphot.com\/uze\/wp-json\/wp\/v2\/types\/product"}],"replies":[{"embeddable":true,"href":"https:\/\/agenciausphot.com\/uze\/wp-json\/wp\/v2\/comments?post=6977"}],"version-history":[{"count":1,"href":"https:\/\/agenciausphot.com\/uze\/wp-json\/wp\/v2\/product\/6977\/revisions"}],"predecessor-version":[{"id":7036,"href":"https:\/\/agenciausphot.com\/uze\/wp-json\/wp\/v2\/product\/6977\/revisions\/7036"}],"wp:featuredmedia":[{"embeddable":true,"href":"https:\/\/agenciausphot.com\/uze\/wp-json\/wp\/v2\/media\/7035"}],"wp:attachment":[{"href":"https:\/\/agenciausphot.com\/uze\/wp-json\/wp\/v2\/media?parent=6977"}],"wp:term":[{"taxonomy":"brand","embeddable":true,"href":"https:\/\/agenciausphot.com\/uze\/wp-json\/wp\/v2\/etheme_brands?post=6977"},{"taxonomy":"product_brand","embeddable":true,"href":"https:\/\/agenciausphot.com\/uze\/wp-json\/wp\/v2\/product_brand?post=6977"},{"taxonomy":"product_cat","embeddable":true,"href":"https:\/\/agenciausphot.com\/uze\/wp-json\/wp\/v2\/product_cat?post=6977"},{"taxonomy":"product_tag","embeddable":true,"href":"https:\/\/agenciausphot.com\/uze\/wp-json\/wp\/v2\/product_tag?post=6977"}],"curies":[{"name":"wp","href":"https:\/\/api.w.org\/{rel}","templated":true}]}}