{"id":5572,"date":"2025-10-29T13:13:14","date_gmt":"2025-10-29T13:13:14","guid":{"rendered":"https:\/\/agenciausphot.com\/uze\/produto\/pulseira-para-berloques-de-prata-fecho-tambor-liso\/"},"modified":"2025-11-04T20:41:48","modified_gmt":"2025-11-04T20:41:48","slug":"pulseira-para-berloques-de-prata-fecho-tambor-liso","status":"publish","type":"product","link":"https:\/\/agenciausphot.com\/uze\/produto\/pulseira-para-berloques-de-prata-fecho-tambor-liso\/","title":{"rendered":"Pulseira para berloques de prata fecho tambor liso"},"content":{"rendered":"<h3 data-start=\"115\" data-end=\"179\">Pulseira para Berloques com Fecho Tambor Liso em Prata 925<\/h3>\n<p data-start=\"180\" data-end=\"503\">Cl\u00e1ssica e vers\u00e1til, a Pulseira para Berloques com Fecho Tambor Liso \u00e9 confeccionada em prata 925 leg\u00edtima e projetada para acomodar seus berloques com seguran\u00e7a e eleg\u00e2ncia.<br data-start=\"354\" data-end=\"357\"><br \/>\nO fecho em formato de tambor liso traz um toque moderno e sofisticado, enquanto o corpo male\u00e1vel garante conforto e flexibilidade no uso di\u00e1rio.<\/p>\n<p data-start=\"505\" data-end=\"531\"><strong data-start=\"505\" data-end=\"529\">Detalhes do produto:<\/strong><\/p>\n<ul data-start=\"532\" data-end=\"712\">\n<li data-start=\"532\" data-end=\"564\">\n<p data-start=\"534\" data-end=\"564\">Material: Prata 925 leg\u00edtima<\/p>\n<\/li>\n<li data-start=\"565\" data-end=\"600\">\n<p data-start=\"567\" data-end=\"600\">Modelo: Pulseira para berloques<\/p>\n<\/li>\n<li data-start=\"601\" data-end=\"623\">\n<p data-start=\"603\" data-end=\"623\">Fecho: Tambor liso<\/p>\n<\/li>\n<li data-start=\"624\" data-end=\"656\">\n<p data-start=\"626\" data-end=\"656\">Acabamento: Liso e brilhante<\/p>\n<\/li>\n<li data-start=\"657\" data-end=\"683\">\n<p data-start=\"659\" data-end=\"683\">Produto hipoalerg\u00eanico<\/p>\n<\/li>\n<li data-start=\"684\" data-end=\"712\">\n<p data-start=\"686\" data-end=\"712\">Garantia eterna da prata<\/p>\n<\/li>\n<\/ul>\n","protected":false},"excerpt":{"rendered":"<p>Pulseira para Berloques com Fecho Tambor Liso em Prata 925 Cl\u00e1ssica e vers\u00e1til, a Pulseira para Berloques com Fecho Tambor Liso \u00e9 confeccionada em prata&#8230;<\/p>\n","protected":false},"featured_media":5570,"comment_status":"open","ping_status":"closed","template":"","meta":[],"etheme_brands":[],"product_brand":[],"product_cat":[98,90],"product_tag":[133],"class_list":{"0":"post-5572","1":"product","2":"type-product","3":"status-publish","4":"has-post-thumbnail","6":"product_cat-categoriapulseiraspulseira-feminina","7":"product_cat-categoriapulseiras","8":"product_tag-uze-pratas","10":"first","11":"outofstock","12":"shipping-taxable","13":"product-type-variable"},"_links":{"self":[{"href":"https:\/\/agenciausphot.com\/uze\/wp-json\/wp\/v2\/product\/5572","targetHints":{"allow":["GET"]}}],"collection":[{"href":"https:\/\/agenciausphot.com\/uze\/wp-json\/wp\/v2\/product"}],"about":[{"href":"https:\/\/agenciausphot.com\/uze\/wp-json\/wp\/v2\/types\/product"}],"replies":[{"embeddable":true,"href":"https:\/\/agenciausphot.com\/uze\/wp-json\/wp\/v2\/comments?post=5572"}],"version-history":[{"count":1,"href":"https:\/\/agenciausphot.com\/uze\/wp-json\/wp\/v2\/product\/5572\/revisions"}],"predecessor-version":[{"id":6239,"href":"https:\/\/agenciausphot.com\/uze\/wp-json\/wp\/v2\/product\/5572\/revisions\/6239"}],"wp:featuredmedia":[{"embeddable":true,"href":"https:\/\/agenciausphot.com\/uze\/wp-json\/wp\/v2\/media\/5570"}],"wp:attachment":[{"href":"https:\/\/agenciausphot.com\/uze\/wp-json\/wp\/v2\/media?parent=5572"}],"wp:term":[{"taxonomy":"brand","embeddable":true,"href":"https:\/\/agenciausphot.com\/uze\/wp-json\/wp\/v2\/etheme_brands?post=5572"},{"taxonomy":"product_brand","embeddable":true,"href":"https:\/\/agenciausphot.com\/uze\/wp-json\/wp\/v2\/product_brand?post=5572"},{"taxonomy":"product_cat","embeddable":true,"href":"https:\/\/agenciausphot.com\/uze\/wp-json\/wp\/v2\/product_cat?post=5572"},{"taxonomy":"product_tag","embeddable":true,"href":"https:\/\/agenciausphot.com\/uze\/wp-json\/wp\/v2\/product_tag?post=5572"}],"curies":[{"name":"wp","href":"https:\/\/api.w.org\/{rel}","templated":true}]}}