{"id":5536,"date":"2025-10-29T13:12:47","date_gmt":"2025-10-29T13:12:47","guid":{"rendered":"https:\/\/agenciausphot.com\/uze\/produto\/berloque-patinha-cristal\/"},"modified":"2025-11-04T20:39:06","modified_gmt":"2025-11-04T20:39:06","slug":"berloque-patinha-cristal","status":"publish","type":"product","link":"https:\/\/agenciausphot.com\/uze\/produto\/berloque-patinha-cristal\/","title":{"rendered":"Berloque patinha cristal"},"content":{"rendered":"<h3 data-start=\"94\" data-end=\"137\">Berloque Patinha Cristal em Prata 925<\/h3>\n<p data-start=\"138\" data-end=\"442\">Encantador e cheio de significado, o Berloque Patinha Cristal \u00e9 confeccionado em prata 925 leg\u00edtima e representa o amor e a conex\u00e3o entre humanos e pets.<br data-start=\"291\" data-end=\"294\"><br \/>\nCom detalhe em cristal que adiciona brilho delicado \u00e0 pe\u00e7a, \u00e9 perfeito para quem deseja carregar a lembran\u00e7a do seu melhor amigo sempre por perto.<\/p>\n<p data-start=\"444\" data-end=\"470\"><strong data-start=\"444\" data-end=\"468\">Detalhes do produto:<\/strong><\/p>\n<ul data-start=\"471\" data-end=\"746\">\n<li data-start=\"471\" data-end=\"503\">\n<p data-start=\"473\" data-end=\"503\">Material: Prata 925 leg\u00edtima<\/p>\n<\/li>\n<li data-start=\"504\" data-end=\"546\">\n<p data-start=\"506\" data-end=\"546\">Design: Patinha com detalhe em cristal<\/p>\n<\/li>\n<li data-start=\"547\" data-end=\"602\">\n<p data-start=\"549\" data-end=\"602\">Pedra: Zirc\u00f4nia ou cristal branco de alta qualidade<\/p>\n<\/li>\n<li data-start=\"603\" data-end=\"637\">\n<p data-start=\"605\" data-end=\"637\">Acabamento: Polido e brilhante<\/p>\n<\/li>\n<li data-start=\"638\" data-end=\"690\">\n<p data-start=\"640\" data-end=\"690\">Compat\u00edvel com pulseiras de berloques universais<\/p>\n<\/li>\n<li data-start=\"691\" data-end=\"717\">\n<p data-start=\"693\" data-end=\"717\">Produto hipoalerg\u00eanico<\/p>\n<\/li>\n<li data-start=\"718\" data-end=\"746\">\n<p data-start=\"720\" data-end=\"746\">Garantia eterna da prata<\/p>\n<\/li>\n<\/ul>\n","protected":false},"excerpt":{"rendered":"<p>Berloque Patinha Cristal em Prata 925 Encantador e cheio de significado, o Berloque Patinha Cristal \u00e9 confeccionado em prata 925 leg\u00edtima e representa o amor&#8230;<\/p>\n","protected":false},"featured_media":5535,"comment_status":"open","ping_status":"closed","template":"","meta":[],"etheme_brands":[],"product_brand":[],"product_cat":[127],"product_tag":[133],"class_list":{"0":"post-5536","1":"product","2":"type-product","3":"status-publish","4":"has-post-thumbnail","6":"product_cat-categoriaberloques","7":"product_tag-uze-pratas","9":"first","10":"outofstock","11":"shipping-taxable","12":"purchasable","13":"product-type-simple"},"_links":{"self":[{"href":"https:\/\/agenciausphot.com\/uze\/wp-json\/wp\/v2\/product\/5536","targetHints":{"allow":["GET"]}}],"collection":[{"href":"https:\/\/agenciausphot.com\/uze\/wp-json\/wp\/v2\/product"}],"about":[{"href":"https:\/\/agenciausphot.com\/uze\/wp-json\/wp\/v2\/types\/product"}],"replies":[{"embeddable":true,"href":"https:\/\/agenciausphot.com\/uze\/wp-json\/wp\/v2\/comments?post=5536"}],"version-history":[{"count":1,"href":"https:\/\/agenciausphot.com\/uze\/wp-json\/wp\/v2\/product\/5536\/revisions"}],"predecessor-version":[{"id":6223,"href":"https:\/\/agenciausphot.com\/uze\/wp-json\/wp\/v2\/product\/5536\/revisions\/6223"}],"wp:featuredmedia":[{"embeddable":true,"href":"https:\/\/agenciausphot.com\/uze\/wp-json\/wp\/v2\/media\/5535"}],"wp:attachment":[{"href":"https:\/\/agenciausphot.com\/uze\/wp-json\/wp\/v2\/media?parent=5536"}],"wp:term":[{"taxonomy":"brand","embeddable":true,"href":"https:\/\/agenciausphot.com\/uze\/wp-json\/wp\/v2\/etheme_brands?post=5536"},{"taxonomy":"product_brand","embeddable":true,"href":"https:\/\/agenciausphot.com\/uze\/wp-json\/wp\/v2\/product_brand?post=5536"},{"taxonomy":"product_cat","embeddable":true,"href":"https:\/\/agenciausphot.com\/uze\/wp-json\/wp\/v2\/product_cat?post=5536"},{"taxonomy":"product_tag","embeddable":true,"href":"https:\/\/agenciausphot.com\/uze\/wp-json\/wp\/v2\/product_tag?post=5536"}],"curies":[{"name":"wp","href":"https:\/\/api.w.org\/{rel}","templated":true}]}}