{"id":5515,"date":"2025-10-29T13:12:32","date_gmt":"2025-10-29T13:12:32","guid":{"rendered":"https:\/\/agenciausphot.com\/uze\/produto\/trava-de-seguranca\/"},"modified":"2025-12-22T16:26:16","modified_gmt":"2025-12-22T16:26:16","slug":"trava-de-seguranca","status":"publish","type":"product","link":"https:\/\/agenciausphot.com\/uze\/produto\/trava-de-seguranca\/","title":{"rendered":"Trava de seguran\u00e7a"},"content":{"rendered":"<p data-start=\"126\" data-end=\"420\">Essencial para proteger suas joias, a Trava de Seguran\u00e7a \u00e9 confeccionada em prata 925 leg\u00edtima e foi desenvolvida para evitar que a pulseira se abra acidentalmente.<br data-start=\"290\" data-end=\"293\"><br \/>\nCom design delicado e acabamento polido, al\u00e9m de funcional, ela adiciona um toque de eleg\u00e2ncia \u00e0 sua composi\u00e7\u00e3o de berloques.<\/p>\n<p data-start=\"422\" data-end=\"448\"><strong data-start=\"422\" data-end=\"446\">Detalhes do produto:<\/strong><\/p>\n<ul data-start=\"449\" data-end=\"687\">\n<li data-start=\"449\" data-end=\"481\">\n<p data-start=\"451\" data-end=\"481\">Material: Prata 925 leg\u00edtima<\/p>\n<\/li>\n<li data-start=\"482\" data-end=\"545\">\n<p data-start=\"484\" data-end=\"545\">Fun\u00e7\u00e3o: Evita que a pulseira se abra e protege os berloques<\/p>\n<\/li>\n<li data-start=\"546\" data-end=\"578\">\n<p data-start=\"548\" data-end=\"578\">Acabamento: Liso e brilhante<\/p>\n<\/li>\n<li data-start=\"579\" data-end=\"631\">\n<p data-start=\"581\" data-end=\"631\">Compat\u00edvel com pulseiras de berloques universais<\/p>\n<\/li>\n<li data-start=\"632\" data-end=\"658\">\n<p data-start=\"634\" data-end=\"658\">Produto hipoalerg\u00eanico<\/p>\n<\/li>\n<li data-start=\"659\" data-end=\"687\">\n<p data-start=\"661\" data-end=\"687\">Garantia eterna da prata<\/p>\n<\/li>\n<\/ul>\n","protected":false},"excerpt":{"rendered":"<p>Essencial para proteger suas joias, a Trava de Seguran\u00e7a \u00e9 confeccionada em prata 925 leg\u00edtima e foi desenvolvida para evitar que a pulseira se abra&#8230;<\/p>\n","protected":false},"featured_media":5514,"comment_status":"open","ping_status":"closed","template":"","meta":[],"etheme_brands":[],"product_brand":[],"product_cat":[127],"product_tag":[133],"class_list":{"0":"post-5515","1":"product","2":"type-product","3":"status-publish","4":"has-post-thumbnail","6":"product_cat-categoriaberloques","7":"product_tag-uze-pratas","9":"first","10":"instock","11":"shipping-taxable","12":"purchasable","13":"product-type-simple"},"_links":{"self":[{"href":"https:\/\/agenciausphot.com\/uze\/wp-json\/wp\/v2\/product\/5515","targetHints":{"allow":["GET"]}}],"collection":[{"href":"https:\/\/agenciausphot.com\/uze\/wp-json\/wp\/v2\/product"}],"about":[{"href":"https:\/\/agenciausphot.com\/uze\/wp-json\/wp\/v2\/types\/product"}],"replies":[{"embeddable":true,"href":"https:\/\/agenciausphot.com\/uze\/wp-json\/wp\/v2\/comments?post=5515"}],"version-history":[{"count":1,"href":"https:\/\/agenciausphot.com\/uze\/wp-json\/wp\/v2\/product\/5515\/revisions"}],"predecessor-version":[{"id":6213,"href":"https:\/\/agenciausphot.com\/uze\/wp-json\/wp\/v2\/product\/5515\/revisions\/6213"}],"wp:featuredmedia":[{"embeddable":true,"href":"https:\/\/agenciausphot.com\/uze\/wp-json\/wp\/v2\/media\/5514"}],"wp:attachment":[{"href":"https:\/\/agenciausphot.com\/uze\/wp-json\/wp\/v2\/media?parent=5515"}],"wp:term":[{"taxonomy":"brand","embeddable":true,"href":"https:\/\/agenciausphot.com\/uze\/wp-json\/wp\/v2\/etheme_brands?post=5515"},{"taxonomy":"product_brand","embeddable":true,"href":"https:\/\/agenciausphot.com\/uze\/wp-json\/wp\/v2\/product_brand?post=5515"},{"taxonomy":"product_cat","embeddable":true,"href":"https:\/\/agenciausphot.com\/uze\/wp-json\/wp\/v2\/product_cat?post=5515"},{"taxonomy":"product_tag","embeddable":true,"href":"https:\/\/agenciausphot.com\/uze\/wp-json\/wp\/v2\/product_tag?post=5515"}],"curies":[{"name":"wp","href":"https:\/\/api.w.org\/{rel}","templated":true}]}}