{"id":5476,"date":"2025-10-29T13:12:05","date_gmt":"2025-10-29T13:12:05","guid":{"rendered":"https:\/\/agenciausphot.com\/uze\/produto\/anel-perola\/"},"modified":"2025-12-22T16:27:25","modified_gmt":"2025-12-22T16:27:25","slug":"anel-perola","status":"publish","type":"product","link":"https:\/\/agenciausphot.com\/uze\/produto\/anel-perola\/","title":{"rendered":"Anel perola"},"content":{"rendered":"<h3 data-start=\"81\" data-end=\"111\">Anel P\u00e9rola em Prata 925<\/h3>\n<p data-start=\"112\" data-end=\"417\">Cl\u00e1ssico e delicado, o Anel P\u00e9rola \u00e9 confeccionado em prata 925 leg\u00edtima e traz como destaque uma p\u00e9rola central que simboliza pureza, eleg\u00e2ncia e sofistica\u00e7\u00e3o.<br data-start=\"272\" data-end=\"275\"><br \/>\nCom design atemporal e acabamento polido, \u00e9 uma pe\u00e7a vers\u00e1til que combina facilmente com qualquer estilo, do dia a dia a ocasi\u00f5es especiais.<\/p>\n<p data-start=\"419\" data-end=\"445\"><strong data-start=\"419\" data-end=\"443\">Detalhes do produto:<\/strong><\/p>\n<ul data-start=\"446\" data-end=\"613\">\n<li data-start=\"446\" data-end=\"478\">\n<p data-start=\"448\" data-end=\"478\">Material: Prata 925 leg\u00edtima<\/p>\n<\/li>\n<li data-start=\"479\" data-end=\"524\">\n<p data-start=\"481\" data-end=\"524\">Pedra: P\u00e9rola sint\u00e9tica de alta qualidade<\/p>\n<\/li>\n<li data-start=\"525\" data-end=\"557\">\n<p data-start=\"527\" data-end=\"557\">Acabamento: Liso e brilhante<\/p>\n<\/li>\n<li data-start=\"558\" data-end=\"584\">\n<p data-start=\"560\" data-end=\"584\">Produto hipoalerg\u00eanico<\/p>\n<\/li>\n<li data-start=\"585\" data-end=\"613\">\n<p data-start=\"587\" data-end=\"613\">Garantia eterna da prata<\/p>\n<\/li>\n<\/ul>\n","protected":false},"excerpt":{"rendered":"<p>Anel P\u00e9rola em Prata 925 Cl\u00e1ssico e delicado, o Anel P\u00e9rola \u00e9 confeccionado em prata 925 leg\u00edtima e traz como destaque uma p\u00e9rola central que&#8230;<\/p>\n","protected":false},"featured_media":5475,"comment_status":"open","ping_status":"closed","template":"","meta":[],"etheme_brands":[],"product_brand":[],"product_cat":[103,92],"product_tag":[133],"class_list":{"0":"post-5476","1":"product","2":"type-product","3":"status-publish","4":"has-post-thumbnail","6":"product_cat-categoriaanisanel-feminino","7":"product_cat-categoriaanis","8":"product_tag-uze-pratas","10":"first","11":"instock","12":"shipping-taxable","13":"purchasable","14":"product-type-variable"},"_links":{"self":[{"href":"https:\/\/agenciausphot.com\/uze\/wp-json\/wp\/v2\/product\/5476","targetHints":{"allow":["GET"]}}],"collection":[{"href":"https:\/\/agenciausphot.com\/uze\/wp-json\/wp\/v2\/product"}],"about":[{"href":"https:\/\/agenciausphot.com\/uze\/wp-json\/wp\/v2\/types\/product"}],"replies":[{"embeddable":true,"href":"https:\/\/agenciausphot.com\/uze\/wp-json\/wp\/v2\/comments?post=5476"}],"version-history":[{"count":1,"href":"https:\/\/agenciausphot.com\/uze\/wp-json\/wp\/v2\/product\/5476\/revisions"}],"predecessor-version":[{"id":6194,"href":"https:\/\/agenciausphot.com\/uze\/wp-json\/wp\/v2\/product\/5476\/revisions\/6194"}],"wp:featuredmedia":[{"embeddable":true,"href":"https:\/\/agenciausphot.com\/uze\/wp-json\/wp\/v2\/media\/5475"}],"wp:attachment":[{"href":"https:\/\/agenciausphot.com\/uze\/wp-json\/wp\/v2\/media?parent=5476"}],"wp:term":[{"taxonomy":"brand","embeddable":true,"href":"https:\/\/agenciausphot.com\/uze\/wp-json\/wp\/v2\/etheme_brands?post=5476"},{"taxonomy":"product_brand","embeddable":true,"href":"https:\/\/agenciausphot.com\/uze\/wp-json\/wp\/v2\/product_brand?post=5476"},{"taxonomy":"product_cat","embeddable":true,"href":"https:\/\/agenciausphot.com\/uze\/wp-json\/wp\/v2\/product_cat?post=5476"},{"taxonomy":"product_tag","embeddable":true,"href":"https:\/\/agenciausphot.com\/uze\/wp-json\/wp\/v2\/product_tag?post=5476"}],"curies":[{"name":"wp","href":"https:\/\/api.w.org\/{rel}","templated":true}]}}