{"id":5472,"date":"2025-10-29T13:12:02","date_gmt":"2025-10-29T13:12:02","guid":{"rendered":"https:\/\/agenciausphot.com\/uze\/produto\/brinco-folha-de-ramos\/"},"modified":"2025-11-18T14:06:38","modified_gmt":"2025-11-18T14:06:38","slug":"brinco-folha-de-ramos","status":"publish","type":"product","link":"https:\/\/agenciausphot.com\/uze\/produto\/brinco-folha-de-ramos\/","title":{"rendered":"Brinco folha de ramos"},"content":{"rendered":"<h3 data-start=\"91\" data-end=\"131\">Brinco Folha de Ramos em Prata 925<\/h3>\n<p data-start=\"132\" data-end=\"449\">Delicado e cheio de estilo, o Brinco Folha de Ramos \u00e9 confeccionado em prata 925 leg\u00edtima e traz um design inspirado na natureza, com detalhes que remetem a pequenos ramos e folhas entrela\u00e7ados.<br data-start=\"326\" data-end=\"329\"><br \/>\nCom acabamento polido, \u00e9 uma joia leve e sofisticada, ideal para quem aprecia acess\u00f3rios com toque natural e elegante.<\/p>\n<p data-start=\"451\" data-end=\"477\"><strong data-start=\"451\" data-end=\"475\">Detalhes do produto:<\/strong><\/p>\n<ul data-start=\"478\" data-end=\"637\">\n<li data-start=\"478\" data-end=\"510\">\n<p data-start=\"480\" data-end=\"510\">Material: Prata 925 leg\u00edtima<\/p>\n<\/li>\n<li data-start=\"511\" data-end=\"548\">\n<p data-start=\"513\" data-end=\"548\">Design: Folha de ramos estilizada<\/p>\n<\/li>\n<li data-start=\"549\" data-end=\"581\">\n<p data-start=\"551\" data-end=\"581\">Acabamento: Liso e brilhante<\/p>\n<\/li>\n<li data-start=\"582\" data-end=\"608\">\n<p data-start=\"584\" data-end=\"608\">Produto hipoalerg\u00eanico<\/p>\n<\/li>\n<li data-start=\"609\" data-end=\"637\">\n<p data-start=\"611\" data-end=\"637\">Garantia eterna da prata<\/p>\n<\/li>\n<\/ul>\n","protected":false},"excerpt":{"rendered":"<p>Brinco Folha de Ramos em Prata 925 Delicado e cheio de estilo, o Brinco Folha de Ramos \u00e9 confeccionado em prata 925 leg\u00edtima e traz&#8230;<\/p>\n","protected":false},"featured_media":5471,"comment_status":"open","ping_status":"closed","template":"","meta":[],"etheme_brands":[],"product_brand":[],"product_cat":[117,97],"product_tag":[133],"class_list":{"0":"post-5472","1":"product","2":"type-product","3":"status-publish","4":"has-post-thumbnail","6":"product_cat-categoriabrincosbrinco-feminino","7":"product_cat-categoriabrincos","8":"product_tag-uze-pratas","10":"first","11":"outofstock","12":"shipping-taxable","13":"purchasable","14":"product-type-simple"},"_links":{"self":[{"href":"https:\/\/agenciausphot.com\/uze\/wp-json\/wp\/v2\/product\/5472","targetHints":{"allow":["GET"]}}],"collection":[{"href":"https:\/\/agenciausphot.com\/uze\/wp-json\/wp\/v2\/product"}],"about":[{"href":"https:\/\/agenciausphot.com\/uze\/wp-json\/wp\/v2\/types\/product"}],"replies":[{"embeddable":true,"href":"https:\/\/agenciausphot.com\/uze\/wp-json\/wp\/v2\/comments?post=5472"}],"version-history":[{"count":1,"href":"https:\/\/agenciausphot.com\/uze\/wp-json\/wp\/v2\/product\/5472\/revisions"}],"predecessor-version":[{"id":6192,"href":"https:\/\/agenciausphot.com\/uze\/wp-json\/wp\/v2\/product\/5472\/revisions\/6192"}],"wp:featuredmedia":[{"embeddable":true,"href":"https:\/\/agenciausphot.com\/uze\/wp-json\/wp\/v2\/media\/5471"}],"wp:attachment":[{"href":"https:\/\/agenciausphot.com\/uze\/wp-json\/wp\/v2\/media?parent=5472"}],"wp:term":[{"taxonomy":"brand","embeddable":true,"href":"https:\/\/agenciausphot.com\/uze\/wp-json\/wp\/v2\/etheme_brands?post=5472"},{"taxonomy":"product_brand","embeddable":true,"href":"https:\/\/agenciausphot.com\/uze\/wp-json\/wp\/v2\/product_brand?post=5472"},{"taxonomy":"product_cat","embeddable":true,"href":"https:\/\/agenciausphot.com\/uze\/wp-json\/wp\/v2\/product_cat?post=5472"},{"taxonomy":"product_tag","embeddable":true,"href":"https:\/\/agenciausphot.com\/uze\/wp-json\/wp\/v2\/product_tag?post=5472"}],"curies":[{"name":"wp","href":"https:\/\/api.w.org\/{rel}","templated":true}]}}