{"id":5329,"date":"2025-10-29T13:10:18","date_gmt":"2025-10-29T13:10:18","guid":{"rendered":"https:\/\/agenciausphot.com\/uze\/produto\/relogio-de-pulso-casio-collect\/"},"modified":"2026-01-12T15:14:38","modified_gmt":"2026-01-12T15:14:38","slug":"relogio-de-pulso-casio-collect","status":"publish","type":"product","link":"https:\/\/agenciausphot.com\/uze\/produto\/relogio-de-pulso-casio-collect\/","title":{"rendered":"Rel\u00f3gio de pulso casio collect"},"content":{"rendered":"<h3 data-start=\"108\" data-end=\"134\">Detalhes do Produto:<\/h3>\n<p data-start=\"135\" data-end=\"536\">O <strong data-start=\"137\" data-end=\"173\">Rel\u00f3gio Casio Mini Redondo Prata<\/strong> \u00e9 um modelo cl\u00e1ssico e vers\u00e1til, desenvolvido no estilo <strong data-start=\"230\" data-end=\"241\">unissex<\/strong>, perfeito para quem busca uma pe\u00e7a discreta, elegante e atemporal. Sua <strong data-start=\"313\" data-end=\"340\">caixa pequena e redonda<\/strong> traz delicadeza ao visual, enquanto a <strong data-start=\"379\" data-end=\"418\">pulseira em a\u00e7o inoxid\u00e1vel prateado<\/strong> garante resist\u00eancia e conforto. Ideal para uso di\u00e1rio, combina facilmente com qualquer estilo, do casual ao social.<\/p>\n<hr data-start=\"538\" data-end=\"541\">\n<h3 data-start=\"543\" data-end=\"575\">Especifica\u00e7\u00f5es do produto:<\/h3>\n<ul data-start=\"576\" data-end=\"945\">\n<li data-start=\"576\" data-end=\"596\">\n<p data-start=\"578\" data-end=\"596\"><strong data-start=\"578\" data-end=\"588\">Marca:<\/strong> Casio<\/p>\n<\/li>\n<li data-start=\"597\" data-end=\"633\">\n<p data-start=\"599\" data-end=\"633\"><strong data-start=\"599\" data-end=\"610\">Modelo:<\/strong> Mini Redondo Unissex<\/p>\n<\/li>\n<li data-start=\"634\" data-end=\"675\">\n<p data-start=\"636\" data-end=\"675\"><strong data-start=\"636\" data-end=\"649\">Pulseira:<\/strong> A\u00e7o inoxid\u00e1vel prateado<\/p>\n<\/li>\n<li data-start=\"676\" data-end=\"733\">\n<p data-start=\"678\" data-end=\"733\"><strong data-start=\"678\" data-end=\"692\">Mostrador:<\/strong> Anal\u00f3gico, cl\u00e1ssico e de f\u00e1cil leitura<\/p>\n<\/li>\n<li data-start=\"734\" data-end=\"761\">\n<p data-start=\"736\" data-end=\"761\"><strong data-start=\"736\" data-end=\"753\">Cor da Caixa:<\/strong> Prata<\/p>\n<\/li>\n<li data-start=\"762\" data-end=\"788\">\n<p data-start=\"764\" data-end=\"788\"><strong data-start=\"764\" data-end=\"778\">Movimento:<\/strong> Quartzo<\/p>\n<\/li>\n<li data-start=\"789\" data-end=\"846\">\n<p data-start=\"791\" data-end=\"846\"><strong data-start=\"791\" data-end=\"807\">Resist\u00eancia:<\/strong> Conforme especifica\u00e7\u00e3o do fabricante<\/p>\n<\/li>\n<li data-start=\"847\" data-end=\"898\">\n<p data-start=\"849\" data-end=\"898\"><strong data-start=\"849\" data-end=\"870\">Tamanho da Caixa:<\/strong> Aprox. 25mm a 28mm (mini)<\/p>\n<\/li>\n<li data-start=\"899\" data-end=\"945\">\n<p data-start=\"901\" data-end=\"945\"><strong data-start=\"901\" data-end=\"911\">Fecho:<\/strong> Dobr\u00e1vel com trava de seguran\u00e7a<\/p>\n<\/li>\n<\/ul>\n<hr data-start=\"947\" data-end=\"950\">\n<h3 data-start=\"952\" data-end=\"967\">Garantia:<\/h3>\n<p data-start=\"968\" data-end=\"1059\">Produto original <strong data-start=\"985\" data-end=\"994\">Casio<\/strong>, com <strong data-start=\"1000\" data-end=\"1026\">garantia do fabricante<\/strong> contra defeitos de fabrica\u00e7\u00e3o.<\/p>\n","protected":false},"excerpt":{"rendered":"<p>Detalhes do Produto: O Rel\u00f3gio Casio Mini Redondo Prata \u00e9 um modelo cl\u00e1ssico e vers\u00e1til, desenvolvido no estilo unissex, perfeito para quem busca uma pe\u00e7a&#8230;<\/p>\n","protected":false},"featured_media":5328,"comment_status":"open","ping_status":"closed","template":"","meta":[],"etheme_brands":[],"product_brand":[],"product_cat":[122,123,121],"product_tag":[131],"class_list":{"0":"post-5329","1":"product","2":"type-product","3":"status-publish","4":"has-post-thumbnail","6":"product_cat-categoriarelgiosrelgios-masculinos","7":"product_cat-categoriarelgiosrelgios-feminino","8":"product_cat-categoriarelgios","9":"product_tag-casio","11":"first","12":"instock","13":"shipping-taxable","14":"purchasable","15":"product-type-simple"},"_links":{"self":[{"href":"https:\/\/agenciausphot.com\/uze\/wp-json\/wp\/v2\/product\/5329","targetHints":{"allow":["GET"]}}],"collection":[{"href":"https:\/\/agenciausphot.com\/uze\/wp-json\/wp\/v2\/product"}],"about":[{"href":"https:\/\/agenciausphot.com\/uze\/wp-json\/wp\/v2\/types\/product"}],"replies":[{"embeddable":true,"href":"https:\/\/agenciausphot.com\/uze\/wp-json\/wp\/v2\/comments?post=5329"}],"version-history":[{"count":1,"href":"https:\/\/agenciausphot.com\/uze\/wp-json\/wp\/v2\/product\/5329\/revisions"}],"predecessor-version":[{"id":6123,"href":"https:\/\/agenciausphot.com\/uze\/wp-json\/wp\/v2\/product\/5329\/revisions\/6123"}],"wp:featuredmedia":[{"embeddable":true,"href":"https:\/\/agenciausphot.com\/uze\/wp-json\/wp\/v2\/media\/5328"}],"wp:attachment":[{"href":"https:\/\/agenciausphot.com\/uze\/wp-json\/wp\/v2\/media?parent=5329"}],"wp:term":[{"taxonomy":"brand","embeddable":true,"href":"https:\/\/agenciausphot.com\/uze\/wp-json\/wp\/v2\/etheme_brands?post=5329"},{"taxonomy":"product_brand","embeddable":true,"href":"https:\/\/agenciausphot.com\/uze\/wp-json\/wp\/v2\/product_brand?post=5329"},{"taxonomy":"product_cat","embeddable":true,"href":"https:\/\/agenciausphot.com\/uze\/wp-json\/wp\/v2\/product_cat?post=5329"},{"taxonomy":"product_tag","embeddable":true,"href":"https:\/\/agenciausphot.com\/uze\/wp-json\/wp\/v2\/product_tag?post=5329"}],"curies":[{"name":"wp","href":"https:\/\/api.w.org\/{rel}","templated":true}]}}