{"id":5263,"date":"2025-10-29T13:09:22","date_gmt":"2025-10-29T13:09:22","guid":{"rendered":"https:\/\/agenciausphot.com\/uze\/produto\/brinco-fake\/"},"modified":"2025-11-04T20:37:35","modified_gmt":"2025-11-04T20:37:35","slug":"brinco-fake","status":"publish","type":"product","link":"https:\/\/agenciausphot.com\/uze\/produto\/brinco-fake\/","title":{"rendered":"Brinco fake"},"content":{"rendered":"<h3 data-start=\"91\" data-end=\"117\">Detalhes do Produto:<\/h3>\n<p data-start=\"118\" data-end=\"455\">Brinco <strong data-start=\"125\" data-end=\"133\">fake<\/strong> em <strong data-start=\"137\" data-end=\"159\">Prata 925 leg\u00edtima<\/strong>, ideal para quem deseja o estilo de um piercing sem a necessidade de perfura\u00e7\u00e3o. Com aro ajust\u00e1vel e acabamento liso e brilhante, \u00e9 uma pe\u00e7a pr\u00e1tica, vers\u00e1til e moderna, que pode ser usada sozinha para um visual minimalista ou combinada com outros brincos e piercings para composi\u00e7\u00f5es ousadas.<\/p>\n<p data-start=\"457\" data-end=\"580\">As pratas 925 possuem <strong data-start=\"479\" data-end=\"501\">garantia vital\u00edcia<\/strong>, reconhecidas por sua resist\u00eancia, durabilidade e excelente custo-benef\u00edcio.<\/p>\n<hr data-start=\"582\" data-end=\"585\">\n<h3 data-start=\"587\" data-end=\"619\">Especifica\u00e7\u00f5es do produto:<\/h3>\n<ul data-start=\"620\" data-end=\"903\">\n<li data-start=\"620\" data-end=\"658\">\n<p data-start=\"622\" data-end=\"658\"><strong data-start=\"622\" data-end=\"633\">Modelo:<\/strong> Brinco Fake (sem furo)<\/p>\n<\/li>\n<li data-start=\"659\" data-end=\"688\">\n<p data-start=\"661\" data-end=\"688\"><strong data-start=\"661\" data-end=\"672\">Design:<\/strong> Aro ajust\u00e1vel<\/p>\n<\/li>\n<li data-start=\"689\" data-end=\"725\">\n<p data-start=\"691\" data-end=\"725\"><strong data-start=\"691\" data-end=\"704\">Material:<\/strong> Prata 925 leg\u00edtima<\/p>\n<\/li>\n<li data-start=\"726\" data-end=\"800\">\n<p data-start=\"728\" data-end=\"800\"><strong data-start=\"728\" data-end=\"743\">Acabamento:<\/strong> Liso polido brilhante (podendo ter vers\u00f5es cravejadas)<\/p>\n<\/li>\n<li data-start=\"801\" data-end=\"850\">\n<p data-start=\"803\" data-end=\"850\"><strong data-start=\"803\" data-end=\"816\">Di\u00e2metro:<\/strong> 10mm (varia\u00e7\u00e3o conforme modelo)<\/p>\n<\/li>\n<li data-start=\"851\" data-end=\"876\">\n<p data-start=\"853\" data-end=\"876\"><strong data-start=\"853\" data-end=\"862\">Peso:<\/strong> Aprox. 1,2g<\/p>\n<\/li>\n<li data-start=\"877\" data-end=\"903\">\n<p data-start=\"879\" data-end=\"903\"><strong data-start=\"879\" data-end=\"893\">Categoria:<\/strong> Unissex<\/p>\n<\/li>\n<\/ul>\n<hr data-start=\"905\" data-end=\"908\">\n<h3 data-start=\"910\" data-end=\"925\">Garantia:<\/h3>\n<p data-start=\"926\" data-end=\"1178\">Todos os brincos em <strong data-start=\"946\" data-end=\"959\">Prata 925<\/strong> acompanham <strong data-start=\"971\" data-end=\"1015\">Certificado de Garantia de Autenticidade<\/strong>, assegurando a <strong data-start=\"1031\" data-end=\"1049\">dura\u00e7\u00e3o eterna<\/strong> do material. Diferente das bijuterias, pe\u00e7as em Prata 925 preservam brilho e valor por toda a vida, assim como o <strong data-start=\"1163\" data-end=\"1175\">Ouro 18k<\/strong>.<\/p>\n","protected":false},"excerpt":{"rendered":"<p>Detalhes do Produto: Brinco fake em Prata 925 leg\u00edtima, ideal para quem deseja o estilo de um piercing sem a necessidade de perfura\u00e7\u00e3o. Com aro&#8230;<\/p>\n","protected":false},"featured_media":5262,"comment_status":"open","ping_status":"closed","template":"","meta":[],"etheme_brands":[],"product_brand":[],"product_cat":[117,96],"product_tag":[133],"class_list":{"0":"post-5263","1":"product","2":"type-product","3":"status-publish","4":"has-post-thumbnail","6":"product_cat-categoriabrincosbrinco-feminino","7":"product_cat-categoriapiercings","8":"product_tag-uze-pratas","10":"first","11":"instock","12":"shipping-taxable","13":"purchasable","14":"product-type-simple"},"_links":{"self":[{"href":"https:\/\/agenciausphot.com\/uze\/wp-json\/wp\/v2\/product\/5263","targetHints":{"allow":["GET"]}}],"collection":[{"href":"https:\/\/agenciausphot.com\/uze\/wp-json\/wp\/v2\/product"}],"about":[{"href":"https:\/\/agenciausphot.com\/uze\/wp-json\/wp\/v2\/types\/product"}],"replies":[{"embeddable":true,"href":"https:\/\/agenciausphot.com\/uze\/wp-json\/wp\/v2\/comments?post=5263"}],"version-history":[{"count":1,"href":"https:\/\/agenciausphot.com\/uze\/wp-json\/wp\/v2\/product\/5263\/revisions"}],"predecessor-version":[{"id":6100,"href":"https:\/\/agenciausphot.com\/uze\/wp-json\/wp\/v2\/product\/5263\/revisions\/6100"}],"wp:featuredmedia":[{"embeddable":true,"href":"https:\/\/agenciausphot.com\/uze\/wp-json\/wp\/v2\/media\/5262"}],"wp:attachment":[{"href":"https:\/\/agenciausphot.com\/uze\/wp-json\/wp\/v2\/media?parent=5263"}],"wp:term":[{"taxonomy":"brand","embeddable":true,"href":"https:\/\/agenciausphot.com\/uze\/wp-json\/wp\/v2\/etheme_brands?post=5263"},{"taxonomy":"product_brand","embeddable":true,"href":"https:\/\/agenciausphot.com\/uze\/wp-json\/wp\/v2\/product_brand?post=5263"},{"taxonomy":"product_cat","embeddable":true,"href":"https:\/\/agenciausphot.com\/uze\/wp-json\/wp\/v2\/product_cat?post=5263"},{"taxonomy":"product_tag","embeddable":true,"href":"https:\/\/agenciausphot.com\/uze\/wp-json\/wp\/v2\/product_tag?post=5263"}],"curies":[{"name":"wp","href":"https:\/\/api.w.org\/{rel}","templated":true}]}}