{"id":5235,"date":"2025-10-29T13:09:01","date_gmt":"2025-10-29T13:09:01","guid":{"rendered":"https:\/\/agenciausphot.com\/uze\/produto\/berloque-menino-com-bone\/"},"modified":"2025-11-04T20:37:27","modified_gmt":"2025-11-04T20:37:27","slug":"berloque-menino-com-bone","status":"publish","type":"product","link":"https:\/\/agenciausphot.com\/uze\/produto\/berloque-menino-com-bone\/","title":{"rendered":"Berloque menino com bon\u00e9"},"content":{"rendered":"<h3 data-start=\"108\" data-end=\"134\">Detalhes do Produto:<\/h3>\n<p data-start=\"135\" data-end=\"432\">Berloque em <strong data-start=\"147\" data-end=\"169\">Prata 925 leg\u00edtima<\/strong>, com design delicado de <strong data-start=\"194\" data-end=\"227\">menino estilizado usando bon\u00e9<\/strong>, representando carinho, inf\u00e2ncia e la\u00e7os familiares. Uma joia cheia de significado e afeto, perfeita para m\u00e3es, av\u00f3s e familiares que desejam homenagear um filho, neto ou ente querido de forma especial.<\/p>\n<p data-start=\"434\" data-end=\"557\">As pratas 925 possuem <strong data-start=\"456\" data-end=\"478\">garantia vital\u00edcia<\/strong>, reconhecidas por sua resist\u00eancia, durabilidade e excelente custo-benef\u00edcio.<\/p>\n<hr data-start=\"559\" data-end=\"562\">\n<h3 data-start=\"564\" data-end=\"596\">Especifica\u00e7\u00f5es do produto:<\/h3>\n<ul data-start=\"597\" data-end=\"941\">\n<li data-start=\"597\" data-end=\"637\">\n<p data-start=\"599\" data-end=\"637\"><strong data-start=\"599\" data-end=\"610\">Modelo:<\/strong> Berloque Menino com Bon\u00e9<\/p>\n<\/li>\n<li data-start=\"638\" data-end=\"694\">\n<p data-start=\"640\" data-end=\"694\"><strong data-start=\"640\" data-end=\"652\">Formato:<\/strong> Menino estilizado em miniatura com bon\u00e9<\/p>\n<\/li>\n<li data-start=\"695\" data-end=\"731\">\n<p data-start=\"697\" data-end=\"731\"><strong data-start=\"697\" data-end=\"710\">Material:<\/strong> Prata 925 leg\u00edtima<\/p>\n<\/li>\n<li data-start=\"732\" data-end=\"829\">\n<p data-start=\"734\" data-end=\"829\"><strong data-start=\"734\" data-end=\"749\">Acabamento:<\/strong> Polido brilhante (podendo ter detalhes esmaltados coloridos, conforme modelo)<\/p>\n<\/li>\n<li data-start=\"830\" data-end=\"915\">\n<p data-start=\"832\" data-end=\"915\"><strong data-start=\"832\" data-end=\"852\">Compatibilidade:<\/strong> Pulseiras estilo europeu (Pandora, Life, Morana e similares)<\/p>\n<\/li>\n<li data-start=\"916\" data-end=\"941\">\n<p data-start=\"918\" data-end=\"941\"><strong data-start=\"918\" data-end=\"927\">Peso:<\/strong> Aprox. 2,0g<\/p>\n<\/li>\n<\/ul>\n<hr data-start=\"943\" data-end=\"946\">\n<h3 data-start=\"948\" data-end=\"963\">Garantia:<\/h3>\n<p data-start=\"964\" data-end=\"1218\">Todos os berloques em <strong data-start=\"986\" data-end=\"999\">Prata 925<\/strong> acompanham <strong data-start=\"1011\" data-end=\"1055\">Certificado de Garantia de Autenticidade<\/strong>, assegurando a <strong data-start=\"1071\" data-end=\"1089\">dura\u00e7\u00e3o eterna<\/strong> do material. Diferente das bijuterias, pe\u00e7as em Prata 925 preservam brilho e valor por toda a vida, assim como o <strong data-start=\"1203\" data-end=\"1215\">Ouro 18k<\/strong>.<\/p>\n","protected":false},"excerpt":{"rendered":"<p>Detalhes do Produto: Berloque em Prata 925 leg\u00edtima, com design delicado de menino estilizado usando bon\u00e9, representando carinho, inf\u00e2ncia e la\u00e7os familiares. Uma joia cheia&#8230;<\/p>\n","protected":false},"featured_media":5234,"comment_status":"open","ping_status":"closed","template":"","meta":[],"etheme_brands":[],"product_brand":[],"product_cat":[127],"product_tag":[133],"class_list":{"0":"post-5235","1":"product","2":"type-product","3":"status-publish","4":"has-post-thumbnail","6":"product_cat-categoriaberloques","7":"product_tag-uze-pratas","9":"first","10":"instock","11":"shipping-taxable","12":"purchasable","13":"product-type-simple"},"_links":{"self":[{"href":"https:\/\/agenciausphot.com\/uze\/wp-json\/wp\/v2\/product\/5235","targetHints":{"allow":["GET"]}}],"collection":[{"href":"https:\/\/agenciausphot.com\/uze\/wp-json\/wp\/v2\/product"}],"about":[{"href":"https:\/\/agenciausphot.com\/uze\/wp-json\/wp\/v2\/types\/product"}],"replies":[{"embeddable":true,"href":"https:\/\/agenciausphot.com\/uze\/wp-json\/wp\/v2\/comments?post=5235"}],"version-history":[{"count":1,"href":"https:\/\/agenciausphot.com\/uze\/wp-json\/wp\/v2\/product\/5235\/revisions"}],"predecessor-version":[{"id":6089,"href":"https:\/\/agenciausphot.com\/uze\/wp-json\/wp\/v2\/product\/5235\/revisions\/6089"}],"wp:featuredmedia":[{"embeddable":true,"href":"https:\/\/agenciausphot.com\/uze\/wp-json\/wp\/v2\/media\/5234"}],"wp:attachment":[{"href":"https:\/\/agenciausphot.com\/uze\/wp-json\/wp\/v2\/media?parent=5235"}],"wp:term":[{"taxonomy":"brand","embeddable":true,"href":"https:\/\/agenciausphot.com\/uze\/wp-json\/wp\/v2\/etheme_brands?post=5235"},{"taxonomy":"product_brand","embeddable":true,"href":"https:\/\/agenciausphot.com\/uze\/wp-json\/wp\/v2\/product_brand?post=5235"},{"taxonomy":"product_cat","embeddable":true,"href":"https:\/\/agenciausphot.com\/uze\/wp-json\/wp\/v2\/product_cat?post=5235"},{"taxonomy":"product_tag","embeddable":true,"href":"https:\/\/agenciausphot.com\/uze\/wp-json\/wp\/v2\/product_tag?post=5235"}],"curies":[{"name":"wp","href":"https:\/\/api.w.org\/{rel}","templated":true}]}}