{"id":5198,"date":"2025-10-29T13:08:32","date_gmt":"2025-10-29T13:08:32","guid":{"rendered":"https:\/\/agenciausphot.com\/uze\/produto\/berloque-separador-lilo\/"},"modified":"2025-11-04T20:37:16","modified_gmt":"2025-11-04T20:37:16","slug":"berloque-separador-lilo","status":"publish","type":"product","link":"https:\/\/agenciausphot.com\/uze\/produto\/berloque-separador-lilo\/","title":{"rendered":"Berloque separador lilo"},"content":{"rendered":"<h3 data-start=\"105\" data-end=\"131\">Detalhes do Produto:<\/h3>\n<p data-start=\"132\" data-end=\"437\">Berloque separador em <strong data-start=\"154\" data-end=\"176\">Prata 925 leg\u00edtima<\/strong>, inspirado na personagem <strong data-start=\"202\" data-end=\"210\">Lilo<\/strong> (do cl\u00e1ssico <em data-start=\"224\" data-end=\"239\">Lilo &amp; Stitch<\/em>), simbolizando amizade, inoc\u00eancia e alegria. Uma joia divertida e cheia de personalidade, perfeita para quem ama o universo Disney e quer personalizar sua pulseira com um toque l\u00fadico e especial.<\/p>\n<p data-start=\"439\" data-end=\"562\">As pratas 925 possuem <strong data-start=\"461\" data-end=\"483\">garantia vital\u00edcia<\/strong>, reconhecidas por sua resist\u00eancia, durabilidade e excelente custo-benef\u00edcio.<\/p>\n<hr data-start=\"564\" data-end=\"567\">\n<h3 data-start=\"569\" data-end=\"601\">Especifica\u00e7\u00f5es do produto:<\/h3>\n<ul data-start=\"602\" data-end=\"957\">\n<li data-start=\"602\" data-end=\"641\">\n<p data-start=\"604\" data-end=\"641\"><strong data-start=\"604\" data-end=\"615\">Modelo:<\/strong> Berloque Separador Lilo<\/p>\n<\/li>\n<li data-start=\"642\" data-end=\"700\">\n<p data-start=\"644\" data-end=\"700\"><strong data-start=\"644\" data-end=\"656\">Formato:<\/strong> Cil\u00edndrico com detalhe da personagem Lilo<\/p>\n<\/li>\n<li data-start=\"701\" data-end=\"737\">\n<p data-start=\"703\" data-end=\"737\"><strong data-start=\"703\" data-end=\"716\">Material:<\/strong> Prata 925 leg\u00edtima<\/p>\n<\/li>\n<li data-start=\"738\" data-end=\"806\">\n<p data-start=\"740\" data-end=\"806\"><strong data-start=\"740\" data-end=\"755\">Acabamento:<\/strong> Polido brilhante + detalhes esmaltados coloridos<\/p>\n<\/li>\n<li data-start=\"807\" data-end=\"845\">\n<p data-start=\"809\" data-end=\"845\"><strong data-start=\"809\" data-end=\"820\">Fun\u00e7\u00e3o:<\/strong> Separador de berloques<\/p>\n<\/li>\n<li data-start=\"846\" data-end=\"931\">\n<p data-start=\"848\" data-end=\"931\"><strong data-start=\"848\" data-end=\"868\">Compatibilidade:<\/strong> Pulseiras estilo europeu (Pandora, Life, Morana e similares)<\/p>\n<\/li>\n<li data-start=\"932\" data-end=\"957\">\n<p data-start=\"934\" data-end=\"957\"><strong data-start=\"934\" data-end=\"943\">Peso:<\/strong> Aprox. 1,8g<\/p>\n<\/li>\n<\/ul>\n<hr data-start=\"959\" data-end=\"962\">\n<h3 data-start=\"964\" data-end=\"979\">Garantia:<\/h3>\n<p data-start=\"980\" data-end=\"1234\">Todos os berloques em <strong data-start=\"1002\" data-end=\"1015\">Prata 925<\/strong> acompanham <strong data-start=\"1027\" data-end=\"1071\">Certificado de Garantia de Autenticidade<\/strong>, assegurando a <strong data-start=\"1087\" data-end=\"1105\">dura\u00e7\u00e3o eterna<\/strong> do material. Diferente das bijuterias, pe\u00e7as em Prata 925 preservam brilho e valor por toda a vida, assim como o <strong data-start=\"1219\" data-end=\"1231\">Ouro 18k<\/strong>.<\/p>\n","protected":false},"excerpt":{"rendered":"<p>Detalhes do Produto: Berloque separador em Prata 925 leg\u00edtima, inspirado na personagem Lilo (do cl\u00e1ssico Lilo &amp; Stitch), simbolizando amizade, inoc\u00eancia e alegria. Uma joia&#8230;<\/p>\n","protected":false},"featured_media":5197,"comment_status":"open","ping_status":"closed","template":"","meta":[],"etheme_brands":[],"product_brand":[],"product_cat":[127],"product_tag":[133],"class_list":{"0":"post-5198","1":"product","2":"type-product","3":"status-publish","4":"has-post-thumbnail","6":"product_cat-categoriaberloques","7":"product_tag-uze-pratas","9":"first","10":"instock","11":"shipping-taxable","12":"purchasable","13":"product-type-simple"},"_links":{"self":[{"href":"https:\/\/agenciausphot.com\/uze\/wp-json\/wp\/v2\/product\/5198","targetHints":{"allow":["GET"]}}],"collection":[{"href":"https:\/\/agenciausphot.com\/uze\/wp-json\/wp\/v2\/product"}],"about":[{"href":"https:\/\/agenciausphot.com\/uze\/wp-json\/wp\/v2\/types\/product"}],"replies":[{"embeddable":true,"href":"https:\/\/agenciausphot.com\/uze\/wp-json\/wp\/v2\/comments?post=5198"}],"version-history":[{"count":1,"href":"https:\/\/agenciausphot.com\/uze\/wp-json\/wp\/v2\/product\/5198\/revisions"}],"predecessor-version":[{"id":6073,"href":"https:\/\/agenciausphot.com\/uze\/wp-json\/wp\/v2\/product\/5198\/revisions\/6073"}],"wp:featuredmedia":[{"embeddable":true,"href":"https:\/\/agenciausphot.com\/uze\/wp-json\/wp\/v2\/media\/5197"}],"wp:attachment":[{"href":"https:\/\/agenciausphot.com\/uze\/wp-json\/wp\/v2\/media?parent=5198"}],"wp:term":[{"taxonomy":"brand","embeddable":true,"href":"https:\/\/agenciausphot.com\/uze\/wp-json\/wp\/v2\/etheme_brands?post=5198"},{"taxonomy":"product_brand","embeddable":true,"href":"https:\/\/agenciausphot.com\/uze\/wp-json\/wp\/v2\/product_brand?post=5198"},{"taxonomy":"product_cat","embeddable":true,"href":"https:\/\/agenciausphot.com\/uze\/wp-json\/wp\/v2\/product_cat?post=5198"},{"taxonomy":"product_tag","embeddable":true,"href":"https:\/\/agenciausphot.com\/uze\/wp-json\/wp\/v2\/product_tag?post=5198"}],"curies":[{"name":"wp","href":"https:\/\/api.w.org\/{rel}","templated":true}]}}