{"id":5087,"date":"2025-10-29T13:07:07","date_gmt":"2025-10-29T13:07:07","guid":{"rendered":"https:\/\/agenciausphot.com\/uze\/produto\/berloque-chapeu-detalhado\/"},"modified":"2025-11-04T20:36:41","modified_gmt":"2025-11-04T20:36:41","slug":"berloque-chapeu-detalhado","status":"publish","type":"product","link":"https:\/\/agenciausphot.com\/uze\/produto\/berloque-chapeu-detalhado\/","title":{"rendered":"Berloque chapeu detalhado"},"content":{"rendered":"<h3 data-start=\"107\" data-end=\"133\">Detalhes do Produto:<\/h3>\n<p data-start=\"134\" data-end=\"530\">Berloque em <strong data-start=\"146\" data-end=\"168\">Prata 925 leg\u00edtima<\/strong>, em formato de <strong data-start=\"184\" data-end=\"204\">chap\u00e9u detalhado<\/strong>, com acabamentos trabalhados que destacam suas curvas e contornos, trazendo realismo e sofistica\u00e7\u00e3o \u00e0 pe\u00e7a. Ideal para amantes do estilo country, da vida no campo ou para quem busca um acess\u00f3rio cheio de personalidade e significado. Uma joia charmosa e exclusiva, perfeita para personalizar pulseiras e colecionar momentos.<\/p>\n<p data-start=\"532\" data-end=\"655\">As pratas 925 possuem <strong data-start=\"554\" data-end=\"576\">garantia vital\u00edcia<\/strong>, reconhecidas por sua resist\u00eancia, durabilidade e excelente custo-benef\u00edcio.<\/p>\n<hr data-start=\"657\" data-end=\"660\">\n<h3 data-start=\"662\" data-end=\"694\">Especifica\u00e7\u00f5es do produto:<\/h3>\n<ul data-start=\"695\" data-end=\"1003\">\n<li data-start=\"695\" data-end=\"736\">\n<p data-start=\"697\" data-end=\"736\"><strong data-start=\"697\" data-end=\"708\">Modelo:<\/strong> Berloque Chap\u00e9u Detalhado<\/p>\n<\/li>\n<li data-start=\"737\" data-end=\"794\">\n<p data-start=\"739\" data-end=\"794\"><strong data-start=\"739\" data-end=\"751\">Formato:<\/strong> Chap\u00e9u estilizado com detalhes em relevo<\/p>\n<\/li>\n<li data-start=\"795\" data-end=\"831\">\n<p data-start=\"797\" data-end=\"831\"><strong data-start=\"797\" data-end=\"810\">Material:<\/strong> Prata 925 leg\u00edtima<\/p>\n<\/li>\n<li data-start=\"832\" data-end=\"891\">\n<p data-start=\"834\" data-end=\"891\"><strong data-start=\"834\" data-end=\"849\">Acabamento:<\/strong> Polido brilhante + detalhes trabalhados<\/p>\n<\/li>\n<li data-start=\"892\" data-end=\"977\">\n<p data-start=\"894\" data-end=\"977\"><strong data-start=\"894\" data-end=\"914\">Compatibilidade:<\/strong> Pulseiras estilo europeu (Pandora, Life, Morana e similares)<\/p>\n<\/li>\n<li data-start=\"978\" data-end=\"1003\">\n<p data-start=\"980\" data-end=\"1003\"><strong data-start=\"980\" data-end=\"989\">Peso:<\/strong> Aprox. 2,2g<\/p>\n<\/li>\n<\/ul>\n<hr data-start=\"1005\" data-end=\"1008\">\n<h3 data-start=\"1010\" data-end=\"1025\">Garantia:<\/h3>\n<p data-start=\"1026\" data-end=\"1280\">Todos os berloques em <strong data-start=\"1048\" data-end=\"1061\">Prata 925<\/strong> acompanham <strong data-start=\"1073\" data-end=\"1117\">Certificado de Garantia de Autenticidade<\/strong>, assegurando a <strong data-start=\"1133\" data-end=\"1151\">dura\u00e7\u00e3o eterna<\/strong> do material. Diferente das bijuterias, pe\u00e7as em Prata 925 preservam brilho e valor por toda a vida, assim como o <strong data-start=\"1265\" data-end=\"1277\">Ouro 18k<\/strong>.<\/p>\n","protected":false},"excerpt":{"rendered":"<p>Detalhes do Produto: Berloque em Prata 925 leg\u00edtima, em formato de chap\u00e9u detalhado, com acabamentos trabalhados que destacam suas curvas e contornos, trazendo realismo e&#8230;<\/p>\n","protected":false},"featured_media":5086,"comment_status":"open","ping_status":"closed","template":"","meta":[],"etheme_brands":[],"product_brand":[],"product_cat":[127],"product_tag":[133],"class_list":{"0":"post-5087","1":"product","2":"type-product","3":"status-publish","4":"has-post-thumbnail","6":"product_cat-categoriaberloques","7":"product_tag-uze-pratas","9":"first","10":"instock","11":"shipping-taxable","12":"purchasable","13":"product-type-simple"},"_links":{"self":[{"href":"https:\/\/agenciausphot.com\/uze\/wp-json\/wp\/v2\/product\/5087","targetHints":{"allow":["GET"]}}],"collection":[{"href":"https:\/\/agenciausphot.com\/uze\/wp-json\/wp\/v2\/product"}],"about":[{"href":"https:\/\/agenciausphot.com\/uze\/wp-json\/wp\/v2\/types\/product"}],"replies":[{"embeddable":true,"href":"https:\/\/agenciausphot.com\/uze\/wp-json\/wp\/v2\/comments?post=5087"}],"version-history":[{"count":1,"href":"https:\/\/agenciausphot.com\/uze\/wp-json\/wp\/v2\/product\/5087\/revisions"}],"predecessor-version":[{"id":6025,"href":"https:\/\/agenciausphot.com\/uze\/wp-json\/wp\/v2\/product\/5087\/revisions\/6025"}],"wp:featuredmedia":[{"embeddable":true,"href":"https:\/\/agenciausphot.com\/uze\/wp-json\/wp\/v2\/media\/5086"}],"wp:attachment":[{"href":"https:\/\/agenciausphot.com\/uze\/wp-json\/wp\/v2\/media?parent=5087"}],"wp:term":[{"taxonomy":"brand","embeddable":true,"href":"https:\/\/agenciausphot.com\/uze\/wp-json\/wp\/v2\/etheme_brands?post=5087"},{"taxonomy":"product_brand","embeddable":true,"href":"https:\/\/agenciausphot.com\/uze\/wp-json\/wp\/v2\/product_brand?post=5087"},{"taxonomy":"product_cat","embeddable":true,"href":"https:\/\/agenciausphot.com\/uze\/wp-json\/wp\/v2\/product_cat?post=5087"},{"taxonomy":"product_tag","embeddable":true,"href":"https:\/\/agenciausphot.com\/uze\/wp-json\/wp\/v2\/product_tag?post=5087"}],"curies":[{"name":"wp","href":"https:\/\/api.w.org\/{rel}","templated":true}]}}