{"id":5082,"date":"2025-10-29T13:07:03","date_gmt":"2025-10-29T13:07:03","guid":{"rendered":"https:\/\/agenciausphot.com\/uze\/produto\/berloque-cavalo\/"},"modified":"2025-12-22T16:26:09","modified_gmt":"2025-12-22T16:26:09","slug":"berloque-cavalo","status":"publish","type":"product","link":"https:\/\/agenciausphot.com\/uze\/produto\/berloque-cavalo\/","title":{"rendered":"Berloque cavalo"},"content":{"rendered":"<h3 data-start=\"97\" data-end=\"123\">Detalhes do Produto:<\/h3>\n<p data-start=\"124\" data-end=\"478\">Berloque em <strong data-start=\"136\" data-end=\"158\">Prata 925 leg\u00edtima<\/strong>, com design delicado de <strong data-start=\"183\" data-end=\"204\">cavalo estilizado<\/strong>, simbolizando liberdade, for\u00e7a e eleg\u00e2ncia. Uma pe\u00e7a especial para amantes do universo equestre, perfeita para personalizar pulseiras e eternizar a paix\u00e3o por esse animal t\u00e3o nobre. O acabamento detalhado valoriza cada tra\u00e7o, tornando a joia \u00fanica e cheia de significado.<\/p>\n<p data-start=\"480\" data-end=\"603\">As pratas 925 possuem <strong data-start=\"502\" data-end=\"524\">garantia vital\u00edcia<\/strong>, reconhecidas por sua resist\u00eancia, durabilidade e excelente custo-benef\u00edcio.<\/p>\n<hr data-start=\"605\" data-end=\"608\">\n<h3 data-start=\"610\" data-end=\"642\">Especifica\u00e7\u00f5es do produto:<\/h3>\n<ul data-start=\"643\" data-end=\"918\">\n<li data-start=\"643\" data-end=\"674\">\n<p data-start=\"645\" data-end=\"674\"><strong data-start=\"645\" data-end=\"656\">Modelo:<\/strong> Berloque Cavalo<\/p>\n<\/li>\n<li data-start=\"675\" data-end=\"709\">\n<p data-start=\"677\" data-end=\"709\"><strong data-start=\"677\" data-end=\"689\">Formato:<\/strong> Cavalo estilizado<\/p>\n<\/li>\n<li data-start=\"710\" data-end=\"746\">\n<p data-start=\"712\" data-end=\"746\"><strong data-start=\"712\" data-end=\"725\">Material:<\/strong> Prata 925 leg\u00edtima<\/p>\n<\/li>\n<li data-start=\"747\" data-end=\"806\">\n<p data-start=\"749\" data-end=\"806\"><strong data-start=\"749\" data-end=\"764\">Acabamento:<\/strong> Polido brilhante + detalhes trabalhados<\/p>\n<\/li>\n<li data-start=\"807\" data-end=\"892\">\n<p data-start=\"809\" data-end=\"892\"><strong data-start=\"809\" data-end=\"829\">Compatibilidade:<\/strong> Pulseiras estilo europeu (Pandora, Life, Morana e similares)<\/p>\n<\/li>\n<li data-start=\"893\" data-end=\"918\">\n<p data-start=\"895\" data-end=\"918\"><strong data-start=\"895\" data-end=\"904\">Peso:<\/strong> Aprox. 2,2g<\/p>\n<\/li>\n<\/ul>\n<hr data-start=\"920\" data-end=\"923\">\n<h3 data-start=\"925\" data-end=\"940\">Garantia:<\/h3>\n<p data-start=\"941\" data-end=\"1195\">Todos os berloques em <strong data-start=\"963\" data-end=\"976\">Prata 925<\/strong> acompanham <strong data-start=\"988\" data-end=\"1032\">Certificado de Garantia de Autenticidade<\/strong>, assegurando a <strong data-start=\"1048\" data-end=\"1066\">dura\u00e7\u00e3o eterna<\/strong> do material. Diferente das bijuterias, pe\u00e7as em Prata 925 preservam brilho e valor por toda a vida, assim como o <strong data-start=\"1180\" data-end=\"1192\">Ouro 18k<\/strong>.<\/p>\n","protected":false},"excerpt":{"rendered":"<p>Detalhes do Produto: Berloque em Prata 925 leg\u00edtima, com design delicado de cavalo estilizado, simbolizando liberdade, for\u00e7a e eleg\u00e2ncia. Uma pe\u00e7a especial para amantes do&#8230;<\/p>\n","protected":false},"featured_media":5081,"comment_status":"open","ping_status":"closed","template":"","meta":[],"etheme_brands":[],"product_brand":[],"product_cat":[127],"product_tag":[133],"class_list":{"0":"post-5082","1":"product","2":"type-product","3":"status-publish","4":"has-post-thumbnail","6":"product_cat-categoriaberloques","7":"product_tag-uze-pratas","9":"first","10":"outofstock","11":"shipping-taxable","12":"purchasable","13":"product-type-simple"},"_links":{"self":[{"href":"https:\/\/agenciausphot.com\/uze\/wp-json\/wp\/v2\/product\/5082","targetHints":{"allow":["GET"]}}],"collection":[{"href":"https:\/\/agenciausphot.com\/uze\/wp-json\/wp\/v2\/product"}],"about":[{"href":"https:\/\/agenciausphot.com\/uze\/wp-json\/wp\/v2\/types\/product"}],"replies":[{"embeddable":true,"href":"https:\/\/agenciausphot.com\/uze\/wp-json\/wp\/v2\/comments?post=5082"}],"version-history":[{"count":1,"href":"https:\/\/agenciausphot.com\/uze\/wp-json\/wp\/v2\/product\/5082\/revisions"}],"predecessor-version":[{"id":6023,"href":"https:\/\/agenciausphot.com\/uze\/wp-json\/wp\/v2\/product\/5082\/revisions\/6023"}],"wp:featuredmedia":[{"embeddable":true,"href":"https:\/\/agenciausphot.com\/uze\/wp-json\/wp\/v2\/media\/5081"}],"wp:attachment":[{"href":"https:\/\/agenciausphot.com\/uze\/wp-json\/wp\/v2\/media?parent=5082"}],"wp:term":[{"taxonomy":"brand","embeddable":true,"href":"https:\/\/agenciausphot.com\/uze\/wp-json\/wp\/v2\/etheme_brands?post=5082"},{"taxonomy":"product_brand","embeddable":true,"href":"https:\/\/agenciausphot.com\/uze\/wp-json\/wp\/v2\/product_brand?post=5082"},{"taxonomy":"product_cat","embeddable":true,"href":"https:\/\/agenciausphot.com\/uze\/wp-json\/wp\/v2\/product_cat?post=5082"},{"taxonomy":"product_tag","embeddable":true,"href":"https:\/\/agenciausphot.com\/uze\/wp-json\/wp\/v2\/product_tag?post=5082"}],"curies":[{"name":"wp","href":"https:\/\/api.w.org\/{rel}","templated":true}]}}