{"id":5002,"date":"2025-10-29T13:06:01","date_gmt":"2025-10-29T13:06:01","guid":{"rendered":"https:\/\/agenciausphot.com\/uze\/produto\/brinco-flor-de-lotus\/"},"modified":"2025-12-05T04:41:35","modified_gmt":"2025-12-05T04:41:35","slug":"brinco-flor-de-lotus","status":"publish","type":"product","link":"https:\/\/agenciausphot.com\/uze\/produto\/brinco-flor-de-lotus\/","title":{"rendered":"Brinco Flor de lotus"},"content":{"rendered":"<h3 data-start=\"102\" data-end=\"128\">Detalhes do Produto:<\/h3>\n<p data-start=\"129\" data-end=\"494\">Brinco em <strong data-start=\"139\" data-end=\"161\">Prata 925 leg\u00edtima<\/strong>, com design inspirado na <strong data-start=\"187\" data-end=\"204\">flor de l\u00f3tus<\/strong>, s\u00edmbolo de pureza, renova\u00e7\u00e3o e equil\u00edbrio. O acabamento polido garante brilho elegante, tornando a pe\u00e7a delicada e ao mesmo tempo marcante. Uma joia vers\u00e1til e cheia de significado, ideal para compor produ\u00e7\u00f5es modernas e sofisticadas, ou at\u00e9 mesmo para uso di\u00e1rio com um toque especial.<\/p>\n<p data-start=\"496\" data-end=\"616\">As pratas 925 possuem <strong data-start=\"518\" data-end=\"540\">garantia vital\u00edcia<\/strong>, reconhecidas por sua resist\u00eancia, qualidade e excelente custo-benef\u00edcio.<\/p>\n<hr data-start=\"618\" data-end=\"621\">\n<h3 data-start=\"623\" data-end=\"655\">Especifica\u00e7\u00f5es do produto:<\/h3>\n<ul data-start=\"656\" data-end=\"870\">\n<li data-start=\"656\" data-end=\"692\">\n<p data-start=\"658\" data-end=\"692\"><strong data-start=\"658\" data-end=\"669\">Modelo:<\/strong> Brinco Flor de L\u00f3tus<\/p>\n<\/li>\n<li data-start=\"693\" data-end=\"734\">\n<p data-start=\"695\" data-end=\"734\"><strong data-start=\"695\" data-end=\"707\">Formato:<\/strong> Flor estilizada de l\u00f3tus<\/p>\n<\/li>\n<li data-start=\"735\" data-end=\"771\">\n<p data-start=\"737\" data-end=\"771\"><strong data-start=\"737\" data-end=\"750\">Material:<\/strong> Prata 925 leg\u00edtima<\/p>\n<\/li>\n<li data-start=\"772\" data-end=\"813\">\n<p data-start=\"774\" data-end=\"813\"><strong data-start=\"774\" data-end=\"789\">Acabamento:<\/strong> Liso polido brilhante<\/p>\n<\/li>\n<li data-start=\"814\" data-end=\"838\">\n<p data-start=\"816\" data-end=\"838\"><strong data-start=\"816\" data-end=\"827\">G\u00eanero:<\/strong> Feminino<\/p>\n<\/li>\n<li data-start=\"839\" data-end=\"870\">\n<p data-start=\"841\" data-end=\"870\"><strong data-start=\"841\" data-end=\"850\">Peso:<\/strong> Aprox. 2,5g (par)<\/p>\n<\/li>\n<\/ul>\n<hr data-start=\"872\" data-end=\"875\">\n<h3 data-start=\"877\" data-end=\"892\">Garantia:<\/h3>\n<p data-start=\"893\" data-end=\"1145\">Todos os brincos em <strong data-start=\"913\" data-end=\"926\">Prata 925<\/strong> acompanham <strong data-start=\"938\" data-end=\"982\">Certificado de Garantia de Autenticidade<\/strong>, assegurando a <strong data-start=\"998\" data-end=\"1016\">dura\u00e7\u00e3o eterna<\/strong> do material. Diferente das bijuterias, pe\u00e7as em Prata 925 preservam brilho e valor por toda a vida, assim como o <strong data-start=\"1130\" data-end=\"1142\">Ouro 18k<\/strong>.<\/p>\n","protected":false},"excerpt":{"rendered":"<p>Detalhes do Produto: Brinco em Prata 925 leg\u00edtima, com design inspirado na flor de l\u00f3tus, s\u00edmbolo de pureza, renova\u00e7\u00e3o e equil\u00edbrio. O acabamento polido garante&#8230;<\/p>\n","protected":false},"featured_media":5000,"comment_status":"open","ping_status":"closed","template":"","meta":[],"etheme_brands":[],"product_brand":[],"product_cat":[117,97],"product_tag":[133],"class_list":{"0":"post-5002","1":"product","2":"type-product","3":"status-publish","4":"has-post-thumbnail","6":"product_cat-categoriabrincosbrinco-feminino","7":"product_cat-categoriabrincos","8":"product_tag-uze-pratas","10":"first","11":"instock","12":"shipping-taxable","13":"purchasable","14":"product-type-simple"},"_links":{"self":[{"href":"https:\/\/agenciausphot.com\/uze\/wp-json\/wp\/v2\/product\/5002","targetHints":{"allow":["GET"]}}],"collection":[{"href":"https:\/\/agenciausphot.com\/uze\/wp-json\/wp\/v2\/product"}],"about":[{"href":"https:\/\/agenciausphot.com\/uze\/wp-json\/wp\/v2\/types\/product"}],"replies":[{"embeddable":true,"href":"https:\/\/agenciausphot.com\/uze\/wp-json\/wp\/v2\/comments?post=5002"}],"version-history":[{"count":1,"href":"https:\/\/agenciausphot.com\/uze\/wp-json\/wp\/v2\/product\/5002\/revisions"}],"predecessor-version":[{"id":5989,"href":"https:\/\/agenciausphot.com\/uze\/wp-json\/wp\/v2\/product\/5002\/revisions\/5989"}],"wp:featuredmedia":[{"embeddable":true,"href":"https:\/\/agenciausphot.com\/uze\/wp-json\/wp\/v2\/media\/5000"}],"wp:attachment":[{"href":"https:\/\/agenciausphot.com\/uze\/wp-json\/wp\/v2\/media?parent=5002"}],"wp:term":[{"taxonomy":"brand","embeddable":true,"href":"https:\/\/agenciausphot.com\/uze\/wp-json\/wp\/v2\/etheme_brands?post=5002"},{"taxonomy":"product_brand","embeddable":true,"href":"https:\/\/agenciausphot.com\/uze\/wp-json\/wp\/v2\/product_brand?post=5002"},{"taxonomy":"product_cat","embeddable":true,"href":"https:\/\/agenciausphot.com\/uze\/wp-json\/wp\/v2\/product_cat?post=5002"},{"taxonomy":"product_tag","embeddable":true,"href":"https:\/\/agenciausphot.com\/uze\/wp-json\/wp\/v2\/product_tag?post=5002"}],"curies":[{"name":"wp","href":"https:\/\/api.w.org\/{rel}","templated":true}]}}