{"id":4936,"date":"2025-10-29T13:05:12","date_gmt":"2025-10-29T13:05:12","guid":{"rendered":"https:\/\/agenciausphot.com\/uze\/produto\/pulseira-elos\/"},"modified":"2025-11-04T20:41:14","modified_gmt":"2025-11-04T20:41:14","slug":"pulseira-elos","status":"publish","type":"product","link":"https:\/\/agenciausphot.com\/uze\/produto\/pulseira-elos\/","title":{"rendered":"Pulseira elos"},"content":{"rendered":"<h3 data-start=\"95\" data-end=\"121\">Detalhes do Produto:<\/h3>\n<p data-start=\"122\" data-end=\"458\">Pulseira em <strong data-start=\"134\" data-end=\"156\">Prata 925 leg\u00edtima<\/strong>, no modelo cl\u00e1ssico de <strong data-start=\"180\" data-end=\"201\">elos entrela\u00e7ados<\/strong>, que transmite modernidade, resist\u00eancia e estilo. O design vers\u00e1til permite usar a pe\u00e7a sozinha para um visual elegante e minimalista, ou combinada com outras pulseiras para composi\u00e7\u00f5es modernas e personalizadas. Uma joia atemporal que nunca sai de moda.<\/p>\n<p data-start=\"460\" data-end=\"581\">As pratas 925 possuem <strong data-start=\"482\" data-end=\"504\">garantia vital\u00edcia<\/strong>, reconhecidas por sua durabilidade, qualidade e excelente custo-benef\u00edcio.<\/p>\n<hr data-start=\"583\" data-end=\"586\">\n<h3 data-start=\"588\" data-end=\"620\">Especifica\u00e7\u00f5es do produto:<\/h3>\n<ul data-start=\"621\" data-end=\"871\">\n<li data-start=\"621\" data-end=\"650\">\n<p data-start=\"623\" data-end=\"650\"><strong data-start=\"623\" data-end=\"634\">Modelo:<\/strong> Pulseira Elos<\/p>\n<\/li>\n<li data-start=\"651\" data-end=\"688\">\n<p data-start=\"653\" data-end=\"688\"><strong data-start=\"653\" data-end=\"669\">Comprimento:<\/strong> 18cm (ajust\u00e1vel)<\/p>\n<\/li>\n<li data-start=\"689\" data-end=\"747\">\n<p data-start=\"691\" data-end=\"747\"><strong data-start=\"691\" data-end=\"714\">Espessura dos Elos:<\/strong> 3mm (varia\u00e7\u00e3o conforme modelo)<\/p>\n<\/li>\n<li data-start=\"748\" data-end=\"784\">\n<p data-start=\"750\" data-end=\"784\"><strong data-start=\"750\" data-end=\"763\">Material:<\/strong> Prata 925 leg\u00edtima<\/p>\n<\/li>\n<li data-start=\"785\" data-end=\"821\">\n<p data-start=\"787\" data-end=\"821\"><strong data-start=\"787\" data-end=\"802\">Acabamento:<\/strong> Polido brilhante<\/p>\n<\/li>\n<li data-start=\"822\" data-end=\"845\">\n<p data-start=\"824\" data-end=\"845\"><strong data-start=\"824\" data-end=\"835\">G\u00eanero:<\/strong> Unissex<\/p>\n<\/li>\n<li data-start=\"846\" data-end=\"871\">\n<p data-start=\"848\" data-end=\"871\"><strong data-start=\"848\" data-end=\"857\">Peso:<\/strong> Aprox. 4,0g<\/p>\n<\/li>\n<\/ul>\n<hr data-start=\"873\" data-end=\"876\">\n<h3 data-start=\"878\" data-end=\"893\">Garantia:<\/h3>\n<p data-start=\"894\" data-end=\"1148\">Todas as pulseiras em <strong data-start=\"916\" data-end=\"929\">Prata 925<\/strong> acompanham <strong data-start=\"941\" data-end=\"985\">Certificado de Garantia de Autenticidade<\/strong>, assegurando a <strong data-start=\"1001\" data-end=\"1019\">dura\u00e7\u00e3o eterna<\/strong> do material. Diferente das bijuterias, pe\u00e7as em Prata 925 preservam brilho e valor por toda a vida, assim como o <strong data-start=\"1133\" data-end=\"1145\">Ouro 18k<\/strong>.<\/p>\n","protected":false},"excerpt":{"rendered":"<p>Detalhes do Produto: Pulseira em Prata 925 leg\u00edtima, no modelo cl\u00e1ssico de elos entrela\u00e7ados, que transmite modernidade, resist\u00eancia e estilo. O design vers\u00e1til permite usar&#8230;<\/p>\n","protected":false},"featured_media":4934,"comment_status":"open","ping_status":"closed","template":"","meta":[],"etheme_brands":[],"product_brand":[],"product_cat":[98,90],"product_tag":[133],"class_list":{"0":"post-4936","1":"product","2":"type-product","3":"status-publish","4":"has-post-thumbnail","6":"product_cat-categoriapulseiraspulseira-feminina","7":"product_cat-categoriapulseiras","8":"product_tag-uze-pratas","10":"first","11":"outofstock","12":"shipping-taxable","13":"product-type-variable"},"_links":{"self":[{"href":"https:\/\/agenciausphot.com\/uze\/wp-json\/wp\/v2\/product\/4936","targetHints":{"allow":["GET"]}}],"collection":[{"href":"https:\/\/agenciausphot.com\/uze\/wp-json\/wp\/v2\/product"}],"about":[{"href":"https:\/\/agenciausphot.com\/uze\/wp-json\/wp\/v2\/types\/product"}],"replies":[{"embeddable":true,"href":"https:\/\/agenciausphot.com\/uze\/wp-json\/wp\/v2\/comments?post=4936"}],"version-history":[{"count":1,"href":"https:\/\/agenciausphot.com\/uze\/wp-json\/wp\/v2\/product\/4936\/revisions"}],"predecessor-version":[{"id":5959,"href":"https:\/\/agenciausphot.com\/uze\/wp-json\/wp\/v2\/product\/4936\/revisions\/5959"}],"wp:featuredmedia":[{"embeddable":true,"href":"https:\/\/agenciausphot.com\/uze\/wp-json\/wp\/v2\/media\/4934"}],"wp:attachment":[{"href":"https:\/\/agenciausphot.com\/uze\/wp-json\/wp\/v2\/media?parent=4936"}],"wp:term":[{"taxonomy":"brand","embeddable":true,"href":"https:\/\/agenciausphot.com\/uze\/wp-json\/wp\/v2\/etheme_brands?post=4936"},{"taxonomy":"product_brand","embeddable":true,"href":"https:\/\/agenciausphot.com\/uze\/wp-json\/wp\/v2\/product_brand?post=4936"},{"taxonomy":"product_cat","embeddable":true,"href":"https:\/\/agenciausphot.com\/uze\/wp-json\/wp\/v2\/product_cat?post=4936"},{"taxonomy":"product_tag","embeddable":true,"href":"https:\/\/agenciausphot.com\/uze\/wp-json\/wp\/v2\/product_tag?post=4936"}],"curies":[{"name":"wp","href":"https:\/\/api.w.org\/{rel}","templated":true}]}}