{"id":4801,"date":"2025-10-29T13:03:31","date_gmt":"2025-10-29T13:03:31","guid":{"rendered":"https:\/\/agenciausphot.com\/uze\/produto\/colar-quadrado-cristal\/"},"modified":"2025-11-04T20:40:37","modified_gmt":"2025-11-04T20:40:37","slug":"colar-quadrado-cristal","status":"publish","type":"product","link":"https:\/\/agenciausphot.com\/uze\/produto\/colar-quadrado-cristal\/","title":{"rendered":"Colar quadrado cristal"},"content":{"rendered":"<h3 data-start=\"108\" data-end=\"134\">Detalhes do Produto:<\/h3>\n<p data-start=\"135\" data-end=\"449\">Colar em <strong data-start=\"144\" data-end=\"166\">Prata 925 leg\u00edtima<\/strong>, com corrente delicada e pingente em formato de <strong data-start=\"215\" data-end=\"223\">flor<\/strong>, que traz no centro uma <strong data-start=\"248\" data-end=\"276\">zirc\u00f4nia cristal redonda<\/strong> com brilho intenso e sofisticado. O design une delicadeza e romantismo, sendo perfeito para compor looks femininos e elegantes, desde o uso di\u00e1rio at\u00e9 ocasi\u00f5es especiais.<\/p>\n<p data-start=\"451\" data-end=\"571\">As pratas 925 possuem <strong data-start=\"473\" data-end=\"495\">garantia vital\u00edcia<\/strong>, reconhecidas por sua resist\u00eancia, qualidade e excelente custo-benef\u00edcio.<\/p>\n<hr data-start=\"573\" data-end=\"576\">\n<h3 data-start=\"578\" data-end=\"610\">Especifica\u00e7\u00f5es do produto:<\/h3>\n<ul data-start=\"611\" data-end=\"890\">\n<li data-start=\"611\" data-end=\"657\">\n<p data-start=\"613\" data-end=\"657\"><strong data-start=\"613\" data-end=\"624\">Modelo:<\/strong> Colar Flor na Zirc\u00f4nia Cristal<\/p>\n<\/li>\n<li data-start=\"658\" data-end=\"707\">\n<p data-start=\"660\" data-end=\"707\"><strong data-start=\"660\" data-end=\"688\">Comprimento da Corrente:<\/strong> 45cm (ajust\u00e1vel)<\/p>\n<\/li>\n<li data-start=\"708\" data-end=\"759\">\n<p data-start=\"710\" data-end=\"759\"><strong data-start=\"710\" data-end=\"723\">Pingente:<\/strong> Flor com zirc\u00f4nia cristal central<\/p>\n<\/li>\n<li data-start=\"760\" data-end=\"802\">\n<p data-start=\"762\" data-end=\"802\"><strong data-start=\"762\" data-end=\"777\">Dim. Pedra:<\/strong> 5mm (zirc\u00f4nia central)<\/p>\n<\/li>\n<li data-start=\"803\" data-end=\"839\">\n<p data-start=\"805\" data-end=\"839\"><strong data-start=\"805\" data-end=\"818\">Material:<\/strong> Prata 925 leg\u00edtima<\/p>\n<\/li>\n<li data-start=\"840\" data-end=\"864\">\n<p data-start=\"842\" data-end=\"864\"><strong data-start=\"842\" data-end=\"853\">G\u00eanero:<\/strong> Feminino<\/p>\n<\/li>\n<li data-start=\"865\" data-end=\"890\">\n<p data-start=\"867\" data-end=\"890\"><strong data-start=\"867\" data-end=\"876\">Peso:<\/strong> Aprox. 2,0g<\/p>\n<\/li>\n<\/ul>\n<hr data-start=\"892\" data-end=\"895\">\n<h3 data-start=\"897\" data-end=\"912\">Garantia:<\/h3>\n<p data-start=\"913\" data-end=\"1169\">Todos os colares em <strong data-start=\"933\" data-end=\"946\">Prata 925<\/strong> acompanham <strong data-start=\"958\" data-end=\"1002\">Certificado de Garantia de Autenticidade<\/strong>, assegurando a <strong data-start=\"1018\" data-end=\"1036\">dura\u00e7\u00e3o eterna<\/strong> do material. Diferente das bijuterias, pe\u00e7as em Prata 925 preservam seu brilho e valor por toda a vida, assim como o <strong data-start=\"1154\" data-end=\"1166\">Ouro 18k<\/strong>.<\/p>\n<hr data-start=\"1171\" data-end=\"1176\">\n<p data-start=\"1178\" data-end=\"1288\" data-is-last-node=\"\" data-is-only-node=\"\">\n","protected":false},"excerpt":{"rendered":"<p>Detalhes do Produto: Colar em Prata 925 leg\u00edtima, com corrente delicada e pingente em formato de flor, que traz no centro uma zirc\u00f4nia cristal redonda&#8230;<\/p>\n","protected":false},"featured_media":4800,"comment_status":"open","ping_status":"closed","template":"","meta":[],"etheme_brands":[],"product_brand":[],"product_cat":[106,93],"product_tag":[133],"class_list":{"0":"post-4801","1":"product","2":"type-product","3":"status-publish","4":"has-post-thumbnail","6":"product_cat-categoriacolarescolar-feminino","7":"product_cat-categoriacolares","8":"product_tag-uze-pratas","10":"first","11":"outofstock","12":"shipping-taxable","13":"product-type-variable"},"_links":{"self":[{"href":"https:\/\/agenciausphot.com\/uze\/wp-json\/wp\/v2\/product\/4801","targetHints":{"allow":["GET"]}}],"collection":[{"href":"https:\/\/agenciausphot.com\/uze\/wp-json\/wp\/v2\/product"}],"about":[{"href":"https:\/\/agenciausphot.com\/uze\/wp-json\/wp\/v2\/types\/product"}],"replies":[{"embeddable":true,"href":"https:\/\/agenciausphot.com\/uze\/wp-json\/wp\/v2\/comments?post=4801"}],"version-history":[{"count":1,"href":"https:\/\/agenciausphot.com\/uze\/wp-json\/wp\/v2\/product\/4801\/revisions"}],"predecessor-version":[{"id":5899,"href":"https:\/\/agenciausphot.com\/uze\/wp-json\/wp\/v2\/product\/4801\/revisions\/5899"}],"wp:featuredmedia":[{"embeddable":true,"href":"https:\/\/agenciausphot.com\/uze\/wp-json\/wp\/v2\/media\/4800"}],"wp:attachment":[{"href":"https:\/\/agenciausphot.com\/uze\/wp-json\/wp\/v2\/media?parent=4801"}],"wp:term":[{"taxonomy":"brand","embeddable":true,"href":"https:\/\/agenciausphot.com\/uze\/wp-json\/wp\/v2\/etheme_brands?post=4801"},{"taxonomy":"product_brand","embeddable":true,"href":"https:\/\/agenciausphot.com\/uze\/wp-json\/wp\/v2\/product_brand?post=4801"},{"taxonomy":"product_cat","embeddable":true,"href":"https:\/\/agenciausphot.com\/uze\/wp-json\/wp\/v2\/product_cat?post=4801"},{"taxonomy":"product_tag","embeddable":true,"href":"https:\/\/agenciausphot.com\/uze\/wp-json\/wp\/v2\/product_tag?post=4801"}],"curies":[{"name":"wp","href":"https:\/\/api.w.org\/{rel}","templated":true}]}}