{"id":4675,"date":"2025-10-29T13:01:59","date_gmt":"2025-10-29T13:01:59","guid":{"rendered":"https:\/\/agenciausphot.com\/uze\/produto\/brinco-franja-cravejada\/"},"modified":"2025-11-04T20:34:31","modified_gmt":"2025-11-04T20:34:31","slug":"brinco-franja-cravejada","status":"publish","type":"product","link":"https:\/\/agenciausphot.com\/uze\/produto\/brinco-franja-cravejada\/","title":{"rendered":"Brinco franja cravejada"},"content":{"rendered":"<p data-start=\"50\" data-end=\"284\"><strong data-start=\"50\" data-end=\"90\">Brinco Franja Cravejada em Prata 925<\/strong><br data-start=\"90\" data-end=\"93\"><br \/>\nElegante e sofisticado, este brinco em formato de franja \u00e9 cravejado com zirc\u00f4nias que proporcionam movimento e brilho \u00fanico. Produzido em <strong data-start=\"232\" data-end=\"254\">Prata 925 leg\u00edtima<\/strong> com <strong data-start=\"259\" data-end=\"281\">garantia vital\u00edcia<\/strong>.<\/p>\n","protected":false},"excerpt":{"rendered":"<p>Brinco Franja Cravejada em Prata 925 Elegante e sofisticado, este brinco em formato de franja \u00e9 cravejado com zirc\u00f4nias que proporcionam movimento e brilho \u00fanico&#8230;.<\/p>\n","protected":false},"featured_media":4674,"comment_status":"open","ping_status":"closed","template":"","meta":[],"etheme_brands":[],"product_brand":[],"product_cat":[117,97],"product_tag":[133],"class_list":{"0":"post-4675","1":"product","2":"type-product","3":"status-publish","4":"has-post-thumbnail","6":"product_cat-categoriabrincosbrinco-feminino","7":"product_cat-categoriabrincos","8":"product_tag-uze-pratas","10":"first","11":"outofstock","12":"shipping-taxable","13":"purchasable","14":"product-type-simple"},"_links":{"self":[{"href":"https:\/\/agenciausphot.com\/uze\/wp-json\/wp\/v2\/product\/4675","targetHints":{"allow":["GET"]}}],"collection":[{"href":"https:\/\/agenciausphot.com\/uze\/wp-json\/wp\/v2\/product"}],"about":[{"href":"https:\/\/agenciausphot.com\/uze\/wp-json\/wp\/v2\/types\/product"}],"replies":[{"embeddable":true,"href":"https:\/\/agenciausphot.com\/uze\/wp-json\/wp\/v2\/comments?post=4675"}],"version-history":[{"count":1,"href":"https:\/\/agenciausphot.com\/uze\/wp-json\/wp\/v2\/product\/4675\/revisions"}],"predecessor-version":[{"id":5840,"href":"https:\/\/agenciausphot.com\/uze\/wp-json\/wp\/v2\/product\/4675\/revisions\/5840"}],"wp:featuredmedia":[{"embeddable":true,"href":"https:\/\/agenciausphot.com\/uze\/wp-json\/wp\/v2\/media\/4674"}],"wp:attachment":[{"href":"https:\/\/agenciausphot.com\/uze\/wp-json\/wp\/v2\/media?parent=4675"}],"wp:term":[{"taxonomy":"brand","embeddable":true,"href":"https:\/\/agenciausphot.com\/uze\/wp-json\/wp\/v2\/etheme_brands?post=4675"},{"taxonomy":"product_brand","embeddable":true,"href":"https:\/\/agenciausphot.com\/uze\/wp-json\/wp\/v2\/product_brand?post=4675"},{"taxonomy":"product_cat","embeddable":true,"href":"https:\/\/agenciausphot.com\/uze\/wp-json\/wp\/v2\/product_cat?post=4675"},{"taxonomy":"product_tag","embeddable":true,"href":"https:\/\/agenciausphot.com\/uze\/wp-json\/wp\/v2\/product_tag?post=4675"}],"curies":[{"name":"wp","href":"https:\/\/api.w.org\/{rel}","templated":true}]}}