{"id":4656,"date":"2025-10-29T13:01:45","date_gmt":"2025-10-29T13:01:45","guid":{"rendered":"https:\/\/agenciausphot.com\/uze\/produto\/brinco-mao-colorida\/"},"modified":"2025-12-05T04:41:35","modified_gmt":"2025-12-05T04:41:35","slug":"brinco-mao-colorida","status":"publish","type":"product","link":"https:\/\/agenciausphot.com\/uze\/produto\/brinco-mao-colorida\/","title":{"rendered":"Brinco m\u00e3o colorida"},"content":{"rendered":"<p data-start=\"50\" data-end=\"274\"><strong data-start=\"50\" data-end=\"86\">Brinco M\u00e3o Colorida em Prata 925<\/strong><br data-start=\"86\" data-end=\"89\"><br \/>\nCheio de estilo e significado, este brinco traz o s\u00edmbolo da m\u00e3o com detalhes coloridos, unindo prote\u00e7\u00e3o e modernidade. Produzido em <strong data-start=\"222\" data-end=\"244\">Prata 925 leg\u00edtima<\/strong> com <strong data-start=\"249\" data-end=\"271\">garantia vital\u00edcia<\/strong>.<\/p>\n","protected":false},"excerpt":{"rendered":"<p>Brinco M\u00e3o Colorida em Prata 925 Cheio de estilo e significado, este brinco traz o s\u00edmbolo da m\u00e3o com detalhes coloridos, unindo prote\u00e7\u00e3o e modernidade&#8230;.<\/p>\n","protected":false},"featured_media":4655,"comment_status":"open","ping_status":"closed","template":"","meta":[],"etheme_brands":[],"product_brand":[],"product_cat":[117,97],"product_tag":[133],"class_list":{"0":"post-4656","1":"product","2":"type-product","3":"status-publish","4":"has-post-thumbnail","6":"product_cat-categoriabrincosbrinco-feminino","7":"product_cat-categoriabrincos","8":"product_tag-uze-pratas","10":"first","11":"instock","12":"shipping-taxable","13":"purchasable","14":"product-type-simple"},"_links":{"self":[{"href":"https:\/\/agenciausphot.com\/uze\/wp-json\/wp\/v2\/product\/4656","targetHints":{"allow":["GET"]}}],"collection":[{"href":"https:\/\/agenciausphot.com\/uze\/wp-json\/wp\/v2\/product"}],"about":[{"href":"https:\/\/agenciausphot.com\/uze\/wp-json\/wp\/v2\/types\/product"}],"replies":[{"embeddable":true,"href":"https:\/\/agenciausphot.com\/uze\/wp-json\/wp\/v2\/comments?post=4656"}],"version-history":[{"count":1,"href":"https:\/\/agenciausphot.com\/uze\/wp-json\/wp\/v2\/product\/4656\/revisions"}],"predecessor-version":[{"id":5831,"href":"https:\/\/agenciausphot.com\/uze\/wp-json\/wp\/v2\/product\/4656\/revisions\/5831"}],"wp:featuredmedia":[{"embeddable":true,"href":"https:\/\/agenciausphot.com\/uze\/wp-json\/wp\/v2\/media\/4655"}],"wp:attachment":[{"href":"https:\/\/agenciausphot.com\/uze\/wp-json\/wp\/v2\/media?parent=4656"}],"wp:term":[{"taxonomy":"brand","embeddable":true,"href":"https:\/\/agenciausphot.com\/uze\/wp-json\/wp\/v2\/etheme_brands?post=4656"},{"taxonomy":"product_brand","embeddable":true,"href":"https:\/\/agenciausphot.com\/uze\/wp-json\/wp\/v2\/product_brand?post=4656"},{"taxonomy":"product_cat","embeddable":true,"href":"https:\/\/agenciausphot.com\/uze\/wp-json\/wp\/v2\/product_cat?post=4656"},{"taxonomy":"product_tag","embeddable":true,"href":"https:\/\/agenciausphot.com\/uze\/wp-json\/wp\/v2\/product_tag?post=4656"}],"curies":[{"name":"wp","href":"https:\/\/api.w.org\/{rel}","templated":true}]}}