{"id":4580,"date":"2025-10-29T13:00:49","date_gmt":"2025-10-29T13:00:49","guid":{"rendered":"https:\/\/agenciausphot.com\/uze\/produto\/anel-infantil-patinha\/"},"modified":"2025-12-22T16:27:05","modified_gmt":"2025-12-22T16:27:05","slug":"anel-infantil-patinha","status":"publish","type":"product","link":"https:\/\/agenciausphot.com\/uze\/produto\/anel-infantil-patinha\/","title":{"rendered":"Anel infantil patinha"},"content":{"rendered":"<h3 data-start=\"99\" data-end=\"125\">Detalhes do Produto:<\/h3>\n<p data-start=\"126\" data-end=\"514\">Anel Infantil em <strong data-start=\"143\" data-end=\"165\">Prata 925 leg\u00edtima<\/strong>, com aro delicado e design l\u00fadico em formato de <strong data-start=\"214\" data-end=\"225\">patinha<\/strong>, simbolizando o amor e o carinho pelos animais. A pe\u00e7a possui acabamento polido que garante brilho suave e encantador, ideal para crian\u00e7as que amam pets e querem carregar sempre um acess\u00f3rio cheio de fofura e significado. Uma joia especial para compor os primeiros momentos com a prata.<\/p>\n<p data-start=\"516\" data-end=\"636\">As pratas 925 possuem <strong data-start=\"538\" data-end=\"560\">garantia vital\u00edcia<\/strong>, reconhecidas por sua qualidade, resist\u00eancia e excelente custo-benef\u00edcio.<\/p>\n<hr data-start=\"638\" data-end=\"641\">\n<h3 data-start=\"643\" data-end=\"675\">Especifica\u00e7\u00f5es do produto:<\/h3>\n<ul data-start=\"676\" data-end=\"844\">\n<li data-start=\"676\" data-end=\"722\">\n<p data-start=\"678\" data-end=\"722\"><strong data-start=\"678\" data-end=\"689\">Modelo:<\/strong> Anel Infantil Patinha em Prata<\/p>\n<\/li>\n<li data-start=\"723\" data-end=\"747\">\n<p data-start=\"725\" data-end=\"747\"><strong data-start=\"725\" data-end=\"739\">Espessura:<\/strong> 1,2mm<\/p>\n<\/li>\n<li data-start=\"748\" data-end=\"784\">\n<p data-start=\"750\" data-end=\"784\"><strong data-start=\"750\" data-end=\"763\">Material:<\/strong> Prata 925 leg\u00edtima<\/p>\n<\/li>\n<li data-start=\"785\" data-end=\"818\">\n<p data-start=\"787\" data-end=\"818\"><strong data-start=\"787\" data-end=\"798\">G\u00eanero:<\/strong> Infantil\/Feminino<\/p>\n<\/li>\n<li data-start=\"819\" data-end=\"844\">\n<p data-start=\"821\" data-end=\"844\"><strong data-start=\"821\" data-end=\"830\">Peso:<\/strong> Aprox. 1,2g<\/p>\n<\/li>\n<\/ul>\n<hr data-start=\"846\" data-end=\"849\">\n<h3 data-start=\"851\" data-end=\"866\">Garantia:<\/h3>\n<p data-start=\"867\" data-end=\"1121\">Todas as joias em <strong data-start=\"885\" data-end=\"898\">Prata 925<\/strong> acompanham <strong data-start=\"910\" data-end=\"954\">Certificado de Garantia de Autenticidade<\/strong>, assegurando a <strong data-start=\"970\" data-end=\"988\">dura\u00e7\u00e3o eterna<\/strong> do material. Diferente das bijuterias, pe\u00e7as em Prata 925 preservam sua beleza e valor por toda a vida, assim como o <strong data-start=\"1106\" data-end=\"1118\">Ouro 18k<\/strong>.<\/p>\n","protected":false},"excerpt":{"rendered":"<p>Detalhes do Produto: Anel Infantil em Prata 925 leg\u00edtima, com aro delicado e design l\u00fadico em formato de patinha, simbolizando o amor e o carinho&#8230;<\/p>\n","protected":false},"featured_media":4578,"comment_status":"open","ping_status":"closed","template":"","meta":[],"etheme_brands":[],"product_brand":[],"product_cat":[92,105],"product_tag":[133],"class_list":{"0":"post-4580","1":"product","2":"type-product","3":"status-publish","4":"has-post-thumbnail","6":"product_cat-categoriaanis","7":"product_cat-categoriaanisanel-infantil","8":"product_tag-uze-pratas","10":"first","11":"instock","12":"shipping-taxable","13":"purchasable","14":"product-type-variable"},"_links":{"self":[{"href":"https:\/\/agenciausphot.com\/uze\/wp-json\/wp\/v2\/product\/4580","targetHints":{"allow":["GET"]}}],"collection":[{"href":"https:\/\/agenciausphot.com\/uze\/wp-json\/wp\/v2\/product"}],"about":[{"href":"https:\/\/agenciausphot.com\/uze\/wp-json\/wp\/v2\/types\/product"}],"replies":[{"embeddable":true,"href":"https:\/\/agenciausphot.com\/uze\/wp-json\/wp\/v2\/comments?post=4580"}],"version-history":[{"count":1,"href":"https:\/\/agenciausphot.com\/uze\/wp-json\/wp\/v2\/product\/4580\/revisions"}],"predecessor-version":[{"id":5794,"href":"https:\/\/agenciausphot.com\/uze\/wp-json\/wp\/v2\/product\/4580\/revisions\/5794"}],"wp:featuredmedia":[{"embeddable":true,"href":"https:\/\/agenciausphot.com\/uze\/wp-json\/wp\/v2\/media\/4578"}],"wp:attachment":[{"href":"https:\/\/agenciausphot.com\/uze\/wp-json\/wp\/v2\/media?parent=4580"}],"wp:term":[{"taxonomy":"brand","embeddable":true,"href":"https:\/\/agenciausphot.com\/uze\/wp-json\/wp\/v2\/etheme_brands?post=4580"},{"taxonomy":"product_brand","embeddable":true,"href":"https:\/\/agenciausphot.com\/uze\/wp-json\/wp\/v2\/product_brand?post=4580"},{"taxonomy":"product_cat","embeddable":true,"href":"https:\/\/agenciausphot.com\/uze\/wp-json\/wp\/v2\/product_cat?post=4580"},{"taxonomy":"product_tag","embeddable":true,"href":"https:\/\/agenciausphot.com\/uze\/wp-json\/wp\/v2\/product_tag?post=4580"}],"curies":[{"name":"wp","href":"https:\/\/api.w.org\/{rel}","templated":true}]}}